{"id":11358,"date":"2025-04-21T18:36:39","date_gmt":"2025-04-21T16:36:39","guid":{"rendered":"https:\/\/comlm.fr\/?post_type=product&#038;p=11358"},"modified":"2025-04-21T18:46:36","modified_gmt":"2025-04-21T16:46:36","slug":"modulo-player-v4","status":"publish","type":"product","link":"https:\/\/comlm.fr\/index.php\/produit\/modulo-player-v4\/","title":{"rendered":"Modulo Player v4"},"content":{"rendered":"<h4>Modulo Player v4<\/h4>\n<p>Modulo Pi est sp\u00e9cialis\u00e9e dans le d\u00e9veloppement de solutions logicielles et mat\u00e9rielles innovantes destin\u00e9es aux industries audiovisuelles et mus\u00e9ographiques ou \u00e0 l\u2019\u00e9v\u00e9nementiel. Modulo Pi travaille en \u00e9troite collaboration avec les bureaux d\u2019\u00e9tudes, les prestataires techniques et les techniciens et les aide \u00e0 mener \u00e0 bien leurs projets Gr\u00e2ce \u00e0 son processus de Recherche et D\u00e9veloppement, Modulo Pi est en mesure d\u2019offrir des solutions de pointe en mati\u00e8re de projection multim\u00e9dia. Modulo Pi g\u00e8re parfaitement ses outils de programmation et propose ainsi des supports haut de gamme fiables<\/p>\n<p>Un serveur multim\u00e9dia\u00a0 id\u00e9al pour vos projets quotidiens.<\/p>\n<p>Facile \u00e0 apprendre, \u00e0 configurer et \u00e0 utiliser, Modulo Player combine les capacit\u00e9s \u00e9tendues d\u2019un serveur multim\u00e9dia et d\u2019une\u00a0<a href=\"https:\/\/www.modulo-pi.com\/media-servers\/modulo-player\/#Mixer\">table de mixage en direct<\/a>.<br \/>\nTraitez les m\u00e9dias, encodez et diffusez votre \u00e9mission en toute transparence gr\u00e2ce \u00e0 son interface utilisateur super intuitive.<br \/>\nLe flux de travail et la liste de\u00a0<a href=\"https:\/\/www.modulo-pi.com\/media-servers\/modulo-player\/#Playlist\">lecture<\/a>\u00a0simples \u00e0 utiliser permettent une configuration rapide du spectacle<br \/>\net des modifications de derni\u00e8re minute.<\/p>\n","protected":false},"excerpt":{"rendered":"<p>Modulo Player v4 Modulo Pi est sp\u00e9cialis\u00e9e dans le d\u00e9veloppement de solutions logicielles et mat\u00e9rielles innovantes destin\u00e9es aux industries audiovisuelles et mus\u00e9ographiques ou \u00e0 l\u2019\u00e9v\u00e9nementiel. Modulo Pi travaille en \u00e9troite [&hellip;]<\/p>\n","protected":false},"featured_media":11359,"template":"","meta":[],"product_brand":[],"product_cat":[275,229],"product_tag":[],"class_list":{"0":"post-11358","1":"product","2":"type-product","3":"status-publish","4":"has-post-thumbnail","6":"product_cat-diffusion-serveurs","7":"product_cat-video","10":"first","11":"instock","12":"taxable","13":"shipping-taxable","14":"product-type-simple"},"aioseo_notices":[],"_links":{"self":[{"href":"https:\/\/comlm.fr\/index.php\/wp-json\/wp\/v2\/product\/11358","targetHints":{"allow":["GET"]}}],"collection":[{"href":"https:\/\/comlm.fr\/index.php\/wp-json\/wp\/v2\/product"}],"about":[{"href":"https:\/\/comlm.fr\/index.php\/wp-json\/wp\/v2\/types\/product"}],"version-history":[{"count":2,"href":"https:\/\/comlm.fr\/index.php\/wp-json\/wp\/v2\/product\/11358\/revisions"}],"predecessor-version":[{"id":11362,"href":"https:\/\/comlm.fr\/index.php\/wp-json\/wp\/v2\/product\/11358\/revisions\/11362"}],"wp:featuredmedia":[{"embeddable":true,"href":"https:\/\/comlm.fr\/index.php\/wp-json\/wp\/v2\/media\/11359"}],"wp:attachment":[{"href":"https:\/\/comlm.fr\/index.php\/wp-json\/wp\/v2\/media?parent=11358"}],"wp:term":[{"taxonomy":"product_brand","embeddable":true,"href":"https:\/\/comlm.fr\/index.php\/wp-json\/wp\/v2\/product_brand?post=11358"},{"taxonomy":"product_cat","embeddable":true,"href":"https:\/\/comlm.fr\/index.php\/wp-json\/wp\/v2\/product_cat?post=11358"},{"taxonomy":"product_tag","embeddable":true,"href":"https:\/\/comlm.fr\/index.php\/wp-json\/wp\/v2\/product_tag?post=11358"}],"curies":[{"name":"wp","href":"https:\/\/api.w.org\/{rel}","templated":true}]}}