{"id":11350,"date":"2025-04-21T18:15:21","date_gmt":"2025-04-21T16:15:21","guid":{"rendered":"https:\/\/comlm.fr\/?post_type=product&#038;p=11350"},"modified":"2025-04-21T18:22:05","modified_gmt":"2025-04-21T16:22:05","slug":"casque-bidule-hde2020-sennheiser","status":"publish","type":"product","link":"https:\/\/comlm.fr\/index.php\/produit\/casque-bidule-hde2020-sennheiser\/","title":{"rendered":"Casque Bidule HDE2020 Sennheiser"},"content":{"rendered":"<h3 class=\"titre_produit\">Casque Bidule HDE2020 Sennheiser<\/h3>\n<ul>\n<li>\u2013 R\u00e9cepteur 6 canaux<br \/>\n\u2013 ON\/OFF automatique<br \/>\n\u2013 Autonomie 8H<br \/>\n\u2013 Fr\u00e9quences : 863 \u2013 865 MHz<\/li>\n<li>Le r\u00e9cepteur st\u00e9thoscopique HDE 2020-D Tourguide est le r\u00e9cepteur confortable du syst\u00e8me num\u00e9rique Tourguide 2020-D.<\/li>\n<li>Ce dispositif vraiment unique int\u00e8gre \u00e0 la fois le r\u00e9cepteur et les \u00e9couteurs et vous offre bon nombre d&#8217;avantages.<\/li>\n<li>Votre auditoire n&#8217;aura pas \u00e0 porter plus de mat\u00e9riel qu&#8217;il n&#8217;est absolument n\u00e9cessaire.<\/li>\n<li>L&#8217;appareil \u00e9tant tout d&#8217;une pi\u00e8ce, ils ne risqueront plus d&#8217;enchev\u00eatrer les c\u00e2bles ! La puissante batterie garantit jusqu&#8217;\u00e0 8 heures d&#8217;autonomie.<\/li>\n<\/ul>\n<div class=\"product attribute a_specs_complement\">\n<div class=\"value\">\n<p>&nbsp;<\/p>\n<\/div>\n<\/div>\n","protected":false},"excerpt":{"rendered":"<p>Casque Bidule HDE2020 Sennheiser \u2013 R\u00e9cepteur 6 canaux \u2013 ON\/OFF automatique \u2013 Autonomie 8H \u2013 Fr\u00e9quences : 863 \u2013 865 MHz Le r\u00e9cepteur st\u00e9thoscopique HDE 2020-D Tourguide est le r\u00e9cepteur [&hellip;]<\/p>\n","protected":false},"featured_media":11351,"template":"","meta":[],"product_brand":[],"product_cat":[256,231],"product_tag":[],"class_list":{"0":"post-11350","1":"product","2":"type-product","3":"status-publish","4":"has-post-thumbnail","6":"product_cat-hautes-frequences","7":"product_cat-traduction","10":"first","11":"instock","12":"taxable","13":"shipping-taxable","14":"product-type-simple"},"aioseo_notices":[],"_links":{"self":[{"href":"https:\/\/comlm.fr\/index.php\/wp-json\/wp\/v2\/product\/11350","targetHints":{"allow":["GET"]}}],"collection":[{"href":"https:\/\/comlm.fr\/index.php\/wp-json\/wp\/v2\/product"}],"about":[{"href":"https:\/\/comlm.fr\/index.php\/wp-json\/wp\/v2\/types\/product"}],"version-history":[{"count":1,"href":"https:\/\/comlm.fr\/index.php\/wp-json\/wp\/v2\/product\/11350\/revisions"}],"predecessor-version":[{"id":11354,"href":"https:\/\/comlm.fr\/index.php\/wp-json\/wp\/v2\/product\/11350\/revisions\/11354"}],"wp:featuredmedia":[{"embeddable":true,"href":"https:\/\/comlm.fr\/index.php\/wp-json\/wp\/v2\/media\/11351"}],"wp:attachment":[{"href":"https:\/\/comlm.fr\/index.php\/wp-json\/wp\/v2\/media?parent=11350"}],"wp:term":[{"taxonomy":"product_brand","embeddable":true,"href":"https:\/\/comlm.fr\/index.php\/wp-json\/wp\/v2\/product_brand?post=11350"},{"taxonomy":"product_cat","embeddable":true,"href":"https:\/\/comlm.fr\/index.php\/wp-json\/wp\/v2\/product_cat?post=11350"},{"taxonomy":"product_tag","embeddable":true,"href":"https:\/\/comlm.fr\/index.php\/wp-json\/wp\/v2\/product_tag?post=11350"}],"curies":[{"name":"wp","href":"https:\/\/api.w.org\/{rel}","templated":true}]}}