{"id":11344,"date":"2025-04-21T18:07:25","date_gmt":"2025-04-21T16:07:25","guid":{"rendered":"https:\/\/comlm.fr\/?post_type=product&#038;p=11344"},"modified":"2025-04-21T18:09:57","modified_gmt":"2025-04-21T16:09:57","slug":"recepteur-numerique-bosch","status":"publish","type":"product","link":"https:\/\/comlm.fr\/index.php\/produit\/recepteur-numerique-bosch\/","title":{"rendered":"R\u00e9cepteur num\u00e9rique BOSCH"},"content":{"rendered":"<h3 class=\"titre_produit\">R\u00e9cepteur num\u00e9rique BOSCH<\/h3>\n<h4 id=\"pdpItemName\" class=\"title\"><strong>R\u00e9cepteur de poche pour 32\u00a0langues<\/strong><\/h4>\n<ul>\n<li>Circuit int\u00e9gr\u00e9 sp\u00e9cialement con\u00e7u pour des performances optimales et une dur\u00e9e de vie maximale des piles<\/li>\n<\/ul>\n<ul>\n<li>Composants \u00e9lectroniques rechargeables int\u00e9gr\u00e9s dans la puce pour des performances de recharge optimales<\/li>\n<\/ul>\n<ul>\n<li>\u00c9cran LCD \u00e0 2\u00a0chiffres avec batterie et indicateur d&#8217;\u00e9tat de r\u00e9ception<\/li>\n<\/ul>\n<ul>\n<li>Le nombre de canaux disponibles est toujours \u00e9gal au nombre de canaux utilis\u00e9s par le syst\u00e8me, de sorte qu&#8217;il n&#8217;est pas n\u00e9cessaire de faire d\u00e9filer des canaux non utilis\u00e9s<\/li>\n<\/ul>\n<div class=\"product attribute a_specs_complement\">\n<div class=\"value\">\n<p>&nbsp;<\/p>\n<\/div>\n<\/div>\n","protected":false},"excerpt":{"rendered":"<p>R\u00e9cepteur num\u00e9rique BOSCH R\u00e9cepteur de poche pour 32\u00a0langues Circuit int\u00e9gr\u00e9 sp\u00e9cialement con\u00e7u pour des performances optimales et une dur\u00e9e de vie maximale des piles Composants \u00e9lectroniques rechargeables int\u00e9gr\u00e9s dans la [&hellip;]<\/p>\n","protected":false},"featured_media":11345,"template":"","meta":[],"product_brand":[],"product_cat":[256,231],"product_tag":[],"class_list":{"0":"post-11344","1":"product","2":"type-product","3":"status-publish","4":"has-post-thumbnail","6":"product_cat-hautes-frequences","7":"product_cat-traduction","10":"first","11":"instock","12":"taxable","13":"shipping-taxable","14":"product-type-simple"},"aioseo_notices":[],"_links":{"self":[{"href":"https:\/\/comlm.fr\/index.php\/wp-json\/wp\/v2\/product\/11344","targetHints":{"allow":["GET"]}}],"collection":[{"href":"https:\/\/comlm.fr\/index.php\/wp-json\/wp\/v2\/product"}],"about":[{"href":"https:\/\/comlm.fr\/index.php\/wp-json\/wp\/v2\/types\/product"}],"version-history":[{"count":1,"href":"https:\/\/comlm.fr\/index.php\/wp-json\/wp\/v2\/product\/11344\/revisions"}],"predecessor-version":[{"id":11346,"href":"https:\/\/comlm.fr\/index.php\/wp-json\/wp\/v2\/product\/11344\/revisions\/11346"}],"wp:featuredmedia":[{"embeddable":true,"href":"https:\/\/comlm.fr\/index.php\/wp-json\/wp\/v2\/media\/11345"}],"wp:attachment":[{"href":"https:\/\/comlm.fr\/index.php\/wp-json\/wp\/v2\/media?parent=11344"}],"wp:term":[{"taxonomy":"product_brand","embeddable":true,"href":"https:\/\/comlm.fr\/index.php\/wp-json\/wp\/v2\/product_brand?post=11344"},{"taxonomy":"product_cat","embeddable":true,"href":"https:\/\/comlm.fr\/index.php\/wp-json\/wp\/v2\/product_cat?post=11344"},{"taxonomy":"product_tag","embeddable":true,"href":"https:\/\/comlm.fr\/index.php\/wp-json\/wp\/v2\/product_tag?post=11344"}],"curies":[{"name":"wp","href":"https:\/\/api.w.org\/{rel}","templated":true}]}}