{"id":11336,"date":"2025-04-21T17:55:12","date_gmt":"2025-04-21T15:55:12","guid":{"rendered":"https:\/\/comlm.fr\/?post_type=product&#038;p=11336"},"modified":"2025-04-21T17:59:47","modified_gmt":"2025-04-21T15:59:47","slug":"dcn-idesk-pupitre-dinterprete","status":"publish","type":"product","link":"https:\/\/comlm.fr\/index.php\/produit\/dcn-idesk-pupitre-dinterprete\/","title":{"rendered":"DCN-IDESK Pupitre d&#8217;interpr\u00e8te"},"content":{"rendered":"<h4 id=\"pdpItemName\" class=\"title\">DCN-IDESK Pupitre d&#8217;interpr\u00e8te<\/h4>\n<div class=\"product attribute a_specs_complement\">\n<div class=\"value\">\n<ul>\n<li>Faible sensibilit\u00e9 aux interf\u00e9rences des t\u00e9l\u00e9phones portables<\/li>\n<\/ul>\n<ul>\n<li>Conception ergonomique dot\u00e9e de fonctionnalit\u00e9s pour les malvoyants<\/li>\n<\/ul>\n<ul>\n<li>Jusqu&#8217;\u00e0 31\u00a0canaux d&#8217;interpr\u00e9tation plus la langue de discours utilis\u00e9e, avec une bande passante audio de 20\u00a0kHz<\/li>\n<\/ul>\n<ul>\n<li>\u00c9cran LCD r\u00e9tro\u00e9clair\u00e9 permettant un affichage lumineux des informations, m\u00eame dans des environnements sombres<\/li>\n<\/ul>\n<ul>\n<li>5\u00a0touches pr\u00e9s\u00e9lectionn\u00e9es pour les langues de relais avec indication d&#8217;activation \u00e0 l&#8217;\u00e9cran<\/li>\n<\/ul>\n<ul>\n<li>Conforme \u00e0 la norme\u00a0ISO\u00a02603<\/li>\n<\/ul>\n<\/div>\n<\/div>\n","protected":false},"excerpt":{"rendered":"<p>DCN-IDESK Pupitre d&#8217;interpr\u00e8te Faible sensibilit\u00e9 aux interf\u00e9rences des t\u00e9l\u00e9phones portables Conception ergonomique dot\u00e9e de fonctionnalit\u00e9s pour les malvoyants Jusqu&#8217;\u00e0 31\u00a0canaux d&#8217;interpr\u00e9tation plus la langue de discours utilis\u00e9e, avec une bande [&hellip;]<\/p>\n","protected":false},"featured_media":11337,"template":"","meta":[],"product_brand":[],"product_cat":[258,231],"product_tag":[],"class_list":{"0":"post-11336","1":"product","2":"type-product","3":"status-publish","4":"has-post-thumbnail","6":"product_cat-pupitres","7":"product_cat-traduction","10":"first","11":"instock","12":"taxable","13":"shipping-taxable","14":"product-type-simple"},"aioseo_notices":[],"_links":{"self":[{"href":"https:\/\/comlm.fr\/index.php\/wp-json\/wp\/v2\/product\/11336","targetHints":{"allow":["GET"]}}],"collection":[{"href":"https:\/\/comlm.fr\/index.php\/wp-json\/wp\/v2\/product"}],"about":[{"href":"https:\/\/comlm.fr\/index.php\/wp-json\/wp\/v2\/types\/product"}],"version-history":[{"count":1,"href":"https:\/\/comlm.fr\/index.php\/wp-json\/wp\/v2\/product\/11336\/revisions"}],"predecessor-version":[{"id":11338,"href":"https:\/\/comlm.fr\/index.php\/wp-json\/wp\/v2\/product\/11336\/revisions\/11338"}],"wp:featuredmedia":[{"embeddable":true,"href":"https:\/\/comlm.fr\/index.php\/wp-json\/wp\/v2\/media\/11337"}],"wp:attachment":[{"href":"https:\/\/comlm.fr\/index.php\/wp-json\/wp\/v2\/media?parent=11336"}],"wp:term":[{"taxonomy":"product_brand","embeddable":true,"href":"https:\/\/comlm.fr\/index.php\/wp-json\/wp\/v2\/product_brand?post=11336"},{"taxonomy":"product_cat","embeddable":true,"href":"https:\/\/comlm.fr\/index.php\/wp-json\/wp\/v2\/product_cat?post=11336"},{"taxonomy":"product_tag","embeddable":true,"href":"https:\/\/comlm.fr\/index.php\/wp-json\/wp\/v2\/product_tag?post=11336"}],"curies":[{"name":"wp","href":"https:\/\/api.w.org\/{rel}","templated":true}]}}