{"id":11333,"date":"2025-04-21T17:52:03","date_gmt":"2025-04-21T15:52:03","guid":{"rendered":"https:\/\/comlm.fr\/?post_type=product&#038;p=11333"},"modified":"2025-04-21T17:54:44","modified_gmt":"2025-04-21T15:54:44","slug":"nacelles-elevatrices-a-mat-vertical-ixolift-500","status":"publish","type":"product","link":"https:\/\/comlm.fr\/index.php\/produit\/nacelles-elevatrices-a-mat-vertical-ixolift-500\/","title":{"rendered":"Nacelles \u00e9l\u00e9vatrices \u00e0 m\u00e2t vertical IXOLIFT 500"},"content":{"rendered":"<h4><span id=\"MainPanel_FormViewArticle_LabelDescription\">Nacelles \u00e9l\u00e9vatrices \u00e0 m\u00e2t vertical IXOLIFT 500 Hauteur maxi 5,50m<\/span><\/h4>\n<div>L\u2019Ixolift 500 est un m\u00e2t \u00e9l\u00e9vateur vertical compact avec une hauteur de travail de pr\u00e8s de 5 m\u00e8tres. Le m\u00e2t \u00e9l\u00e9vateur vertical 2 en 1 peut \u00eatre pouss\u00e9 ou entra\u00een\u00e9 \u00e9lectriquement. Un levier permet de basculer facilement entre le mode manuel et le mode automoteur. Gr\u00e2ce \u00e0 ses dimensions compactes, l\u2019Ixolift 500 passe facilement les portes, les all\u00e9es \u00e9troites et les ascenseurs. De plus, le m\u00e2t \u00e9l\u00e9vateur vertical a un faible poids total. La charge maximale de travail est de 180 kg. Avec l\u2019Ixolift 500, vous pouvez travailler en hauteur en toute s\u00e9curit\u00e9, efficacement et rapidement. Ce m\u00e2t \u00e9l\u00e9vateur vertical est l\u2019alternative id\u00e9ale \u00e0 une \u00e9chelle.<\/div>\n","protected":false},"excerpt":{"rendered":"<p>Nacelles \u00e9l\u00e9vatrices \u00e0 m\u00e2t vertical IXOLIFT 500 Hauteur maxi 5,50m L\u2019Ixolift 500 est un m\u00e2t \u00e9l\u00e9vateur vertical compact avec une hauteur de travail de pr\u00e8s de 5 m\u00e8tres. Le m\u00e2t [&hellip;]<\/p>\n","protected":false},"featured_media":11334,"template":"","meta":[],"product_brand":[],"product_cat":[243,245],"product_tag":[],"class_list":{"0":"post-11333","1":"product","2":"type-product","3":"status-publish","4":"has-post-thumbnail","6":"product_cat-structure-installation","7":"product_cat-tours-et-echafaudage","10":"first","11":"instock","12":"taxable","13":"shipping-taxable","14":"product-type-simple"},"aioseo_notices":[],"_links":{"self":[{"href":"https:\/\/comlm.fr\/index.php\/wp-json\/wp\/v2\/product\/11333","targetHints":{"allow":["GET"]}}],"collection":[{"href":"https:\/\/comlm.fr\/index.php\/wp-json\/wp\/v2\/product"}],"about":[{"href":"https:\/\/comlm.fr\/index.php\/wp-json\/wp\/v2\/types\/product"}],"version-history":[{"count":1,"href":"https:\/\/comlm.fr\/index.php\/wp-json\/wp\/v2\/product\/11333\/revisions"}],"predecessor-version":[{"id":11335,"href":"https:\/\/comlm.fr\/index.php\/wp-json\/wp\/v2\/product\/11333\/revisions\/11335"}],"wp:featuredmedia":[{"embeddable":true,"href":"https:\/\/comlm.fr\/index.php\/wp-json\/wp\/v2\/media\/11334"}],"wp:attachment":[{"href":"https:\/\/comlm.fr\/index.php\/wp-json\/wp\/v2\/media?parent=11333"}],"wp:term":[{"taxonomy":"product_brand","embeddable":true,"href":"https:\/\/comlm.fr\/index.php\/wp-json\/wp\/v2\/product_brand?post=11333"},{"taxonomy":"product_cat","embeddable":true,"href":"https:\/\/comlm.fr\/index.php\/wp-json\/wp\/v2\/product_cat?post=11333"},{"taxonomy":"product_tag","embeddable":true,"href":"https:\/\/comlm.fr\/index.php\/wp-json\/wp\/v2\/product_tag?post=11333"}],"curies":[{"name":"wp","href":"https:\/\/api.w.org\/{rel}","templated":true}]}}