{"id":11273,"date":"2025-04-20T10:08:12","date_gmt":"2025-04-20T08:08:12","guid":{"rendered":"https:\/\/comlm.fr\/?post_type=product&#038;p=11273"},"modified":"2025-04-20T10:12:55","modified_gmt":"2025-04-20T08:12:55","slug":"console-de-mixage-analogique-16-canaux-yamaha-mg16","status":"publish","type":"product","link":"https:\/\/comlm.fr\/index.php\/produit\/console-de-mixage-analogique-16-canaux-yamaha-mg16\/","title":{"rendered":"Console de mixage analogique 16 canaux Yamaha MG16"},"content":{"rendered":"<h4>Console de mixage analogique 16 canaux Yamaha MG16<\/h4>\n<div class=\"product attribute a_specs_complement\">\n<div class=\"value\">\n<h3>Yamaha MG16<\/h3>\n<p>La gamme MG, qui en est aujourd\u2019hui \u00e0 sa troisi\u00e8me incarnation, refl\u00e8te parfaitement cette qu\u00eate de l\u2019excellence \u2013 et int\u00e8gre certaines technologies d\u00e9velopp\u00e9es \u00e0 l\u2019origine pour utilisation dans des consoles professionnelles de haut de gamme (pr\u00e9amplis micro de qualit\u00e9 studio, effets num\u00e9riques int\u00e9gr\u00e9s) et une fabrication solide et fiable. Avec son interface utilisateur intuitive, facile \u00e0 utiliser, la gamme MG propose un choix \u00e9tendu de consoles de mixage compactes, dont les mod\u00e8les s\u2019\u00e9chelonnent de 6 \u00e0 20 voies, pour mieux s\u2019adapter \u00e0 des utilisateurs et des applications tr\u00e8s diff\u00e9rents. Qu\u2019il s\u2019agisse d\u2019installation fixe, d\u2019enregistrement ou de sonorisation musicale, la solidit\u00e9 et la souplesse d\u2019utilisation de ces consoles vous permet de travailler le son en toute confiance, avec en permanence d\u2019excellentes performances et un niveau de qualit\u00e9 sonore et de fiabilit\u00e9 sans \u00e9gale dans cette cat\u00e9gorie.<\/p>\n<\/div>\n<div>\n<h5>Sp\u00e9cifications compl\u00e9mentaires<\/h5>\n<div class=\"product attribute a_specs_complement\">\n<div class=\"value\">\n<ul>\n<li>Console de mixage 16 canaux<\/li>\n<li>10 entr\u00e9es micro, 16 entr\u00e9es ligne (8 mono + 4 st\u00e9r\u00e9o)<\/li>\n<li>4 bus GROUP, 1 bus st\u00e9r\u00e9o<\/li>\n<li>4 Aux<\/li>\n<li>Pr\u00e9amplis micro D-PRE avec circuit Darlington invers\u00e9<\/li>\n<li>2 compresseurs 1-Knob<\/li>\n<li>Att\u00e9nuateur PAD sur les entr\u00e9es mono<\/li>\n<li>Alimentation fant\u00f4me +48V<\/li>\n<li>Sorties XLR et Jack sym\u00e9triques<\/li>\n<li>Alimentation interne universelle<\/li>\n<li>Kit de montage en rack inclus<\/li>\n<li>Ch\u00e2ssis m\u00e9tallique r\u00e9sistant<\/li>\n<li>Dimensions (LxHxP): 444 mm x 130 mm x 500 mm<\/li>\n<li>Poids net: 6.6 kg<\/li>\n<\/ul>\n<\/div>\n<\/div>\n<\/div>\n<\/div>\n<p>&nbsp;<\/p>\n","protected":false},"excerpt":{"rendered":"<p>Console de mixage analogique 16 canaux Yamaha MG16 Yamaha MG16 La gamme MG, qui en est aujourd\u2019hui \u00e0 sa troisi\u00e8me incarnation, refl\u00e8te parfaitement cette qu\u00eate de l\u2019excellence \u2013 et int\u00e8gre [&hellip;]<\/p>\n","protected":false},"featured_media":11274,"template":"","meta":[],"product_brand":[],"product_cat":[260,116],"product_tag":[],"class_list":{"0":"post-11273","1":"product","2":"type-product","3":"status-publish","4":"has-post-thumbnail","6":"product_cat-consoles-sonorisation","7":"product_cat-sonorisation","10":"first","11":"instock","12":"taxable","13":"shipping-taxable","14":"product-type-simple"},"aioseo_notices":[],"_links":{"self":[{"href":"https:\/\/comlm.fr\/index.php\/wp-json\/wp\/v2\/product\/11273","targetHints":{"allow":["GET"]}}],"collection":[{"href":"https:\/\/comlm.fr\/index.php\/wp-json\/wp\/v2\/product"}],"about":[{"href":"https:\/\/comlm.fr\/index.php\/wp-json\/wp\/v2\/types\/product"}],"version-history":[{"count":1,"href":"https:\/\/comlm.fr\/index.php\/wp-json\/wp\/v2\/product\/11273\/revisions"}],"predecessor-version":[{"id":11275,"href":"https:\/\/comlm.fr\/index.php\/wp-json\/wp\/v2\/product\/11273\/revisions\/11275"}],"wp:featuredmedia":[{"embeddable":true,"href":"https:\/\/comlm.fr\/index.php\/wp-json\/wp\/v2\/media\/11274"}],"wp:attachment":[{"href":"https:\/\/comlm.fr\/index.php\/wp-json\/wp\/v2\/media?parent=11273"}],"wp:term":[{"taxonomy":"product_brand","embeddable":true,"href":"https:\/\/comlm.fr\/index.php\/wp-json\/wp\/v2\/product_brand?post=11273"},{"taxonomy":"product_cat","embeddable":true,"href":"https:\/\/comlm.fr\/index.php\/wp-json\/wp\/v2\/product_cat?post=11273"},{"taxonomy":"product_tag","embeddable":true,"href":"https:\/\/comlm.fr\/index.php\/wp-json\/wp\/v2\/product_tag?post=11273"}],"curies":[{"name":"wp","href":"https:\/\/api.w.org\/{rel}","templated":true}]}}