{"id":11125,"date":"2025-04-15T23:59:15","date_gmt":"2025-04-15T21:59:15","guid":{"rendered":"https:\/\/comlm.fr\/?post_type=product&#038;p=11125"},"modified":"2025-04-16T00:04:53","modified_gmt":"2025-04-15T22:04:53","slug":"camera-tourelle-panasonic-aw-he-130-copy-copy-copy-copy-copy-copy-copy-copy-copy-copy-copy-2-copy-copy-copy-copy-copy-copy-copy-copy-copy-copy-2-copy-copy-copy-copy-2-copy-copy-copy-copy-copy-copy-c-8","status":"publish","type":"product","link":"https:\/\/comlm.fr\/index.php\/produit\/camera-tourelle-panasonic-aw-he-130-copy-copy-copy-copy-copy-copy-copy-copy-copy-copy-copy-2-copy-copy-copy-copy-copy-copy-copy-copy-copy-copy-2-copy-copy-copy-copy-2-copy-copy-copy-copy-copy-copy-c-8\/","title":{"rendered":"Audio Technica PRO49QL &#8211; micro col-de-cygne statique cardio\u00efde 418mm"},"content":{"rendered":"<h4><span id=\"MainPanel_FormViewArticle_LabelDescription\">Audio Technica PRO49QL &#8211; micro col-de-cygne statique cardio\u00efde 418mm<\/span><\/h4>\n<p>Le microphone \u00e0 condensateur cardio\u00efde \u00e0 col-de-cygne double et montage rapide PRO\u00a049Q est con\u00e7u pour se connecter \u00e0 n\u2019importe quel connecteur de c\u00e2ble ou de surface de type XLRF standard. Avec une r\u00e9ponse en fr\u00e9quence plate et \u00e9tendue et des composants \u00e9lectroniques autonomes, ce microphone est dot\u00e9 d\u2019un col-de-cygne silencieux \u00e0 positionnement fixe disposant d\u2019une longue dur\u00e9e de vie et d\u2019une capsule \u00e0 condensateur pour gamme \u00e9tendue avec membrane de faible masse offrant des r\u00e9sultats sup\u00e9rieurs.<\/p>\n<table class=\"StyleTAble\">\n<tbody>\n<tr>\n<td class=\"caracteLibelle\" valign=\"top\"><span class=\"strongitem\">Directivit\u00e9 du micro :\u00a0<\/span><span class=\"CarValue\">Cardio\u00efde<\/span><\/td>\n<\/tr>\n<tr>\n<td class=\"caracteLibelle\" valign=\"top\"><span class=\"strongitem\">El\u00e9ment micro col de cygne :\u00a0<\/span><span class=\"CarValue\">Micro complet sur XLR<\/span><\/td>\n<\/tr>\n<\/tbody>\n<\/table>\n<table class=\"StyleTAble\">\n<tbody>\n<tr>\n<td><span class=\"strongitem\">Poids (net)<\/span>\u00a0:\u00a090 g<\/td>\n<td><\/td>\n<\/tr>\n<\/tbody>\n<\/table>\n<div class=\"FPSpecifique\"><\/div>\n<div class=\"FPSpecifique\"><\/div>\n<table class=\"StyleTAble\">\n<tbody>\n<tr>\n<td class=\"caracterDimension\" valign=\"top\"><span class=\"strongitem\">Dimensions (hors emballage) :\u00a0<\/span>Longueur :\u00a0<span class=\"CarValue\">41,8\u00a0<\/span>cm &#8211;\u00a0Diam\u00e8tre :\u00a0<span class=\"CarValue\">1,89\u00a0<\/span>cm<\/td>\n<\/tr>\n<\/tbody>\n<\/table>\n<div class=\"FPSpecifique\"><\/div>\n<div class=\"FPSpecifique\"><\/div>\n<table class=\"StyleTAble\">\n<tbody>\n<tr>\n<td class=\"caracterDimension\" valign=\"top\"><span class=\"strongitem\">Dimensions (hors emballage) :\u00a0<\/span>Longueur :\u00a0<span class=\"CarValue\">48,3\u00a0<\/span>cm &#8211;\u00a0Largeur :\u00a0<span class=\"CarValue\">10,4\u00a0<\/span>cm &#8211;\u00a0Hauteur\/Epaisseur\/Profondeur :\u00a0<span class=\"CarValue\">4,4\u00a0<\/span>cm<\/td>\n<\/tr>\n<\/tbody>\n<\/table>\n","protected":false},"excerpt":{"rendered":"<p>Audio Technica PRO49QL &#8211; micro col-de-cygne statique cardio\u00efde 418mm Le microphone \u00e0 condensateur cardio\u00efde \u00e0 col-de-cygne double et montage rapide PRO\u00a049Q est con\u00e7u pour se connecter \u00e0 n\u2019importe quel connecteur [&hellip;]<\/p>\n","protected":false},"featured_media":11126,"template":"","meta":[],"product_brand":[],"product_cat":[262,116],"product_tag":[],"class_list":{"0":"post-11125","1":"product","2":"type-product","3":"status-publish","4":"has-post-thumbnail","6":"product_cat-microphone","7":"product_cat-sonorisation","10":"first","11":"instock","12":"taxable","13":"shipping-taxable","14":"product-type-simple"},"aioseo_notices":[],"_links":{"self":[{"href":"https:\/\/comlm.fr\/index.php\/wp-json\/wp\/v2\/product\/11125","targetHints":{"allow":["GET"]}}],"collection":[{"href":"https:\/\/comlm.fr\/index.php\/wp-json\/wp\/v2\/product"}],"about":[{"href":"https:\/\/comlm.fr\/index.php\/wp-json\/wp\/v2\/types\/product"}],"version-history":[{"count":2,"href":"https:\/\/comlm.fr\/index.php\/wp-json\/wp\/v2\/product\/11125\/revisions"}],"predecessor-version":[{"id":11128,"href":"https:\/\/comlm.fr\/index.php\/wp-json\/wp\/v2\/product\/11125\/revisions\/11128"}],"wp:featuredmedia":[{"embeddable":true,"href":"https:\/\/comlm.fr\/index.php\/wp-json\/wp\/v2\/media\/11126"}],"wp:attachment":[{"href":"https:\/\/comlm.fr\/index.php\/wp-json\/wp\/v2\/media?parent=11125"}],"wp:term":[{"taxonomy":"product_brand","embeddable":true,"href":"https:\/\/comlm.fr\/index.php\/wp-json\/wp\/v2\/product_brand?post=11125"},{"taxonomy":"product_cat","embeddable":true,"href":"https:\/\/comlm.fr\/index.php\/wp-json\/wp\/v2\/product_cat?post=11125"},{"taxonomy":"product_tag","embeddable":true,"href":"https:\/\/comlm.fr\/index.php\/wp-json\/wp\/v2\/product_tag?post=11125"}],"curies":[{"name":"wp","href":"https:\/\/api.w.org\/{rel}","templated":true}]}}