{"id":11113,"date":"2025-04-15T23:39:05","date_gmt":"2025-04-15T21:39:05","guid":{"rendered":"https:\/\/comlm.fr\/?post_type=product&#038;p=11113"},"modified":"2025-04-15T23:43:48","modified_gmt":"2025-04-15T21:43:48","slug":"camera-tourelle-panasonic-aw-he-130-copy-copy-copy-copy-copy-copy-copy-copy-copy-copy-copy-2-copy-copy-copy-copy-copy-copy-copy-copy-copy-copy-2-copy-copy-copy-copy-2-copy-copy-copy-copy-copy-copy-c-5","status":"publish","type":"product","link":"https:\/\/comlm.fr\/index.php\/produit\/camera-tourelle-panasonic-aw-he-130-copy-copy-copy-copy-copy-copy-copy-copy-copy-copy-copy-2-copy-copy-copy-copy-copy-copy-copy-copy-copy-copy-2-copy-copy-copy-copy-2-copy-copy-copy-copy-copy-copy-c-5\/","title":{"rendered":"Micro serre-t\u00eate cardio DPA beige version CORE microdot"},"content":{"rendered":"<h4><span id=\"MainPanel_FormViewArticle_LabelDescription\">Micro serre-t\u00eate cardio DPA beige version CORE microdot<\/span><\/h4>\n<p>Fabricant danois de notori\u00e9t\u00e9 internationale, DPA propose une large gamme de micros d\u00e9di\u00e9s \u00e0 une utilisation avec les \u00e9metteurs HF des principaux fabricants. Les micros sont d\u00e9clin\u00e9s en plusieurs couleurs, de mani\u00e8re \u00e0 rester les plus discrets possible au cours de l\u2019utilisation. Ces micros s\u2019adaptent parfaitement \u00e0 tout type de syst\u00e8me HF (Shure, Sennheiser, AKG, Audio-Technica, etc.) gr\u00e2ce \u00e0 leur connecteur en option que vous installez au bout du connecteur d\u2019origine DPA (microdot). Il existe \u00e9galement un adaptateur pour le connecter directement en XLR. Il est tout \u00e0 fait possible de commander son micro DPA directement serti du connecteur de votre choix (sur demande, nous consulter). Ces micros n\u00e9cessitent la pr\u00e9sence d\u2019une alimentation fant\u00f4me. Les serre-t\u00eate 4066 et 4088 disposent d\u00e9sormais de la technologie CORE, un pr\u00e9ampli de derni\u00e8re g\u00e9n\u00e9ration permettant au micro de gagner en dynamique et en clart\u00e9.<\/p>\n<div class=\"FPSpecifique\">\n<p class=\"DocumentationParagraphe\">ensibilit\u00e9 : 6mV\/Pa, 144dB max<br \/>\nQualit\u00e9 et dynamique am\u00e9lior\u00e9es, \u00e9tanche \u00e0 l&#8217;eau et \u00e0 la sueur, certifi\u00e9 IP58. Connecteur Microdot.<\/p>\n<table class=\"StyleTAble\">\n<tbody>\n<tr>\n<td class=\"caracteLibelle\" valign=\"top\"><span class=\"strongitem\">Directivit\u00e9 du micro :\u00a0<\/span><span class=\"CarValue\">Cardio\u00efde<\/span><\/td>\n<\/tr>\n<\/tbody>\n<\/table>\n<table class=\"StyleTAble\">\n<tbody>\n<tr>\n<td><span class=\"strongitem\">Poids (net)<\/span>\u00a0:\u00a017 g<\/td>\n<\/tr>\n<\/tbody>\n<\/table>\n<\/div>\n<p>&nbsp;<\/p>\n","protected":false},"excerpt":{"rendered":"<p>Micro serre-t\u00eate cardio DPA beige version CORE microdot Fabricant danois de notori\u00e9t\u00e9 internationale, DPA propose une large gamme de micros d\u00e9di\u00e9s \u00e0 une utilisation avec les \u00e9metteurs HF des principaux [&hellip;]<\/p>\n","protected":false},"featured_media":11114,"template":"","meta":[],"product_brand":[],"product_cat":[262,116],"product_tag":[],"class_list":{"0":"post-11113","1":"product","2":"type-product","3":"status-publish","4":"has-post-thumbnail","6":"product_cat-microphone","7":"product_cat-sonorisation","10":"first","11":"instock","12":"taxable","13":"shipping-taxable","14":"product-type-simple"},"aioseo_notices":[],"_links":{"self":[{"href":"https:\/\/comlm.fr\/index.php\/wp-json\/wp\/v2\/product\/11113","targetHints":{"allow":["GET"]}}],"collection":[{"href":"https:\/\/comlm.fr\/index.php\/wp-json\/wp\/v2\/product"}],"about":[{"href":"https:\/\/comlm.fr\/index.php\/wp-json\/wp\/v2\/types\/product"}],"version-history":[{"count":1,"href":"https:\/\/comlm.fr\/index.php\/wp-json\/wp\/v2\/product\/11113\/revisions"}],"predecessor-version":[{"id":11115,"href":"https:\/\/comlm.fr\/index.php\/wp-json\/wp\/v2\/product\/11113\/revisions\/11115"}],"wp:featuredmedia":[{"embeddable":true,"href":"https:\/\/comlm.fr\/index.php\/wp-json\/wp\/v2\/media\/11114"}],"wp:attachment":[{"href":"https:\/\/comlm.fr\/index.php\/wp-json\/wp\/v2\/media?parent=11113"}],"wp:term":[{"taxonomy":"product_brand","embeddable":true,"href":"https:\/\/comlm.fr\/index.php\/wp-json\/wp\/v2\/product_brand?post=11113"},{"taxonomy":"product_cat","embeddable":true,"href":"https:\/\/comlm.fr\/index.php\/wp-json\/wp\/v2\/product_cat?post=11113"},{"taxonomy":"product_tag","embeddable":true,"href":"https:\/\/comlm.fr\/index.php\/wp-json\/wp\/v2\/product_tag?post=11113"}],"curies":[{"name":"wp","href":"https:\/\/api.w.org\/{rel}","templated":true}]}}