{"id":11069,"date":"2025-04-15T22:27:04","date_gmt":"2025-04-15T20:27:04","guid":{"rendered":"https:\/\/comlm.fr\/?post_type=product&#038;p=11069"},"modified":"2025-04-15T22:30:55","modified_gmt":"2025-04-15T20:30:55","slug":"camera-tourelle-panasonic-aw-he-130-copy-copy-copy-copy-copy-copy-copy-copy-copy-copy-copy-2-copy-copy-copy-copy-copy-copy-copy-copy-copy-copy-2-copy-copy-copy-copy-copy","status":"publish","type":"product","link":"https:\/\/comlm.fr\/index.php\/produit\/camera-tourelle-panasonic-aw-he-130-copy-copy-copy-copy-copy-copy-copy-copy-copy-copy-copy-2-copy-copy-copy-copy-copy-copy-copy-copy-copy-copy-2-copy-copy-copy-copy-copy\/","title":{"rendered":"MARTIN MACHINE \u00c0 BROUILLARD JEM K1 HAZER"},"content":{"rendered":"<h4 class=\"product_title entry-title\"><strong>MARTIN MACHINE \u00c0 BROUILLARD JEM K1 HAZER<\/strong><\/h4>\n<h3>Machine \u00e0 brouillard<\/h3>\n<ul>\n<li style=\"list-style-type: none;\">\n<ul>\n<li>Puissance 600 W<\/li>\n<li>Contenance 2.5 L<\/li>\n<li>Contr\u00f4le du niveau de puissance et de densit\u00e9<\/li>\n<li>D\u00e9bit: 5000 m\u00b2\/ min<\/li>\n<li>Dimensions: L 544 x H 459 x P 344 mm<\/li>\n<li>Poids: 21.5 Kg<\/li>\n<\/ul>\n<\/li>\n<\/ul>\n","protected":false},"excerpt":{"rendered":"<p>MARTIN MACHINE \u00c0 BROUILLARD JEM K1 HAZER Machine \u00e0 brouillard Puissance 600 W Contenance 2.5 L Contr\u00f4le du niveau de puissance et de densit\u00e9 D\u00e9bit: 5000 m\u00b2\/ min Dimensions: L [&hellip;]<\/p>\n","protected":false},"featured_media":11070,"template":"","meta":[],"product_brand":[],"product_cat":[249,232,251],"product_tag":[],"class_list":{"0":"post-11069","1":"product","2":"type-product","3":"status-publish","4":"has-post-thumbnail","6":"product_cat-decorations","7":"product_cat-eclairage","8":"product_cat-effets","11":"first","12":"instock","13":"taxable","14":"shipping-taxable","15":"product-type-simple"},"aioseo_notices":[],"_links":{"self":[{"href":"https:\/\/comlm.fr\/index.php\/wp-json\/wp\/v2\/product\/11069","targetHints":{"allow":["GET"]}}],"collection":[{"href":"https:\/\/comlm.fr\/index.php\/wp-json\/wp\/v2\/product"}],"about":[{"href":"https:\/\/comlm.fr\/index.php\/wp-json\/wp\/v2\/types\/product"}],"version-history":[{"count":1,"href":"https:\/\/comlm.fr\/index.php\/wp-json\/wp\/v2\/product\/11069\/revisions"}],"predecessor-version":[{"id":11071,"href":"https:\/\/comlm.fr\/index.php\/wp-json\/wp\/v2\/product\/11069\/revisions\/11071"}],"wp:featuredmedia":[{"embeddable":true,"href":"https:\/\/comlm.fr\/index.php\/wp-json\/wp\/v2\/media\/11070"}],"wp:attachment":[{"href":"https:\/\/comlm.fr\/index.php\/wp-json\/wp\/v2\/media?parent=11069"}],"wp:term":[{"taxonomy":"product_brand","embeddable":true,"href":"https:\/\/comlm.fr\/index.php\/wp-json\/wp\/v2\/product_brand?post=11069"},{"taxonomy":"product_cat","embeddable":true,"href":"https:\/\/comlm.fr\/index.php\/wp-json\/wp\/v2\/product_cat?post=11069"},{"taxonomy":"product_tag","embeddable":true,"href":"https:\/\/comlm.fr\/index.php\/wp-json\/wp\/v2\/product_tag?post=11069"}],"curies":[{"name":"wp","href":"https:\/\/api.w.org\/{rel}","templated":true}]}}