{"id":11059,"date":"2025-04-15T22:10:33","date_gmt":"2025-04-15T20:10:33","guid":{"rendered":"https:\/\/comlm.fr\/?post_type=product&#038;p=11059"},"modified":"2025-04-15T22:17:24","modified_gmt":"2025-04-15T20:17:24","slug":"camera-tourelle-panasonic-aw-he-130-copy-copy-copy-copy-copy-copy-copy-copy-copy-copy-copy-2-copy-copy-copy-copy-copy-copy-copy-copy-copy-copy-2-copy-copy-copy","status":"publish","type":"product","link":"https:\/\/comlm.fr\/index.php\/produit\/camera-tourelle-panasonic-aw-he-130-copy-copy-copy-copy-copy-copy-copy-copy-copy-copy-copy-2-copy-copy-copy-copy-copy-copy-copy-copy-copy-copy-2-copy-copy-copy\/","title":{"rendered":"Projecteur  LED PORTMAN P3 EVO"},"content":{"rendered":"<h4>Projecteur D\u00e9co\u00a0 PORTMAN P3 EVO<\/h4>\n<h4>Le nouveau projecteur P3 EVO avec des r\u00e9flecteurs optimis\u00e9s et des dimensions similaires au P3 PIX3L, est l\u2019outil id\u00e9al de d\u00e9coration sc\u00e9nique dont la forte puissance 100% LED permet de l\u2019utiliser en mode \u00ab Blinder\u00bb. Les 3 pixels \u00e9quip\u00e9s d\u2019un effet \u00abGlow\u00bb RGBW multiplient ses applications cr\u00e9atives.<\/h4>\n<ul>\n<li><strong>Source lumineuse\u00a0:<\/strong>\u00a03 sources LED blanches, \u00e9mulation halog\u00e8ne (1600 K \u2013 3200K)\u00a0; 3 LED RGBW (effet Glow)\u00a0; IRC&gt;90<\/li>\n<li><strong>Fonctions du logiciel\u00a0:<\/strong>\u00a0Modes DMX multi-canaux, Mode autonome avec r\u00e9glage d\u2019intensit\u00e9, W-DMX en option<\/li>\n<li><strong>Fonctions hardware\u00a0:<\/strong>\u00a0Contr\u00f4le local par afficheur LCD et boutons, Corps aluminium, Nouveau design m\u00e9canique<\/li>\n<li><strong>Alimentation:<\/strong>\u00a0100-250 VAC, 50-60 Hz<\/li>\n<li><strong>Connectique :<\/strong>\u00a0XLR5 In\/Out, 1 powerCON TRUE1 In\/Out<\/li>\n<li><strong>Consommation :<\/strong>\u00a0250 W max<\/li>\n<li><strong>Contr\u00f4le\u00a0:<\/strong>\u00a0DMX512, RDM, W-DMX (en option)<\/li>\n<li><strong>Indice de protection\u00a0:<\/strong>\u00a0IP20<\/li>\n<li><strong>Dimensions\u00a0:<\/strong>\u00a0L 430 x l 410 x P 310 mm<\/li>\n<li><strong>Poids\u00a0:<\/strong>\u00a08,00 kg<\/li>\n<li><strong>Accessoires inclus\u00a0:<\/strong>\u00a0C\u00e2ble alimentation powerCON TRUE1, 2 m non fich\u00e9, Lyre amovible<\/li>\n<\/ul>\n","protected":false},"excerpt":{"rendered":"<p>Projecteur D\u00e9co\u00a0 PORTMAN P3 EVO Le nouveau projecteur P3 EVO avec des r\u00e9flecteurs optimis\u00e9s et des dimensions similaires au P3 PIX3L, est l\u2019outil id\u00e9al de d\u00e9coration sc\u00e9nique dont la forte [&hellip;]<\/p>\n","protected":false},"featured_media":11060,"template":"","meta":[],"product_brand":[],"product_cat":[249,232],"product_tag":[],"class_list":{"0":"post-11059","1":"product","2":"type-product","3":"status-publish","4":"has-post-thumbnail","6":"product_cat-decorations","7":"product_cat-eclairage","10":"first","11":"instock","12":"taxable","13":"shipping-taxable","14":"product-type-simple"},"aioseo_notices":[],"_links":{"self":[{"href":"https:\/\/comlm.fr\/index.php\/wp-json\/wp\/v2\/product\/11059","targetHints":{"allow":["GET"]}}],"collection":[{"href":"https:\/\/comlm.fr\/index.php\/wp-json\/wp\/v2\/product"}],"about":[{"href":"https:\/\/comlm.fr\/index.php\/wp-json\/wp\/v2\/types\/product"}],"version-history":[{"count":1,"href":"https:\/\/comlm.fr\/index.php\/wp-json\/wp\/v2\/product\/11059\/revisions"}],"predecessor-version":[{"id":11063,"href":"https:\/\/comlm.fr\/index.php\/wp-json\/wp\/v2\/product\/11059\/revisions\/11063"}],"wp:featuredmedia":[{"embeddable":true,"href":"https:\/\/comlm.fr\/index.php\/wp-json\/wp\/v2\/media\/11060"}],"wp:attachment":[{"href":"https:\/\/comlm.fr\/index.php\/wp-json\/wp\/v2\/media?parent=11059"}],"wp:term":[{"taxonomy":"product_brand","embeddable":true,"href":"https:\/\/comlm.fr\/index.php\/wp-json\/wp\/v2\/product_brand?post=11059"},{"taxonomy":"product_cat","embeddable":true,"href":"https:\/\/comlm.fr\/index.php\/wp-json\/wp\/v2\/product_cat?post=11059"},{"taxonomy":"product_tag","embeddable":true,"href":"https:\/\/comlm.fr\/index.php\/wp-json\/wp\/v2\/product_tag?post=11059"}],"curies":[{"name":"wp","href":"https:\/\/api.w.org\/{rel}","templated":true}]}}