{"id":11040,"date":"2025-04-15T20:31:42","date_gmt":"2025-04-15T18:31:42","guid":{"rendered":"https:\/\/comlm.fr\/?post_type=product&#038;p=11040"},"modified":"2025-04-15T20:36:28","modified_gmt":"2025-04-15T18:36:28","slug":"camera-tourelle-panasonic-aw-he-130-copy-copy-copy-copy-copy-copy-copy-copy-copy-copy-copy-2-copy-copy-copy-copy-copy-copy-copy-copy-copy-copy","status":"publish","type":"product","link":"https:\/\/comlm.fr\/index.php\/produit\/camera-tourelle-panasonic-aw-he-130-copy-copy-copy-copy-copy-copy-copy-copy-copy-copy-copy-2-copy-copy-copy-copy-copy-copy-copy-copy-copy-copy\/","title":{"rendered":"Enceinte MOJO500Liberty TWS sur batterie"},"content":{"rendered":"<h4>Enceinte MOJO500Liberty TWS sur batterie<\/h4>\n<p>Syst\u00e8me actif \u2013 250 W RMS avec DSP, Bluetooth TWS et batterie lithium<\/p>\n<p><strong>Table de mixage compl\u00e8te<br \/>\n<\/strong>Cette table de mixage permet de connecter simultan\u00e9ment deux micros, deux instruments et une source ligne ou Bluetooth. Une r\u00e9verb\u00e9ration de type \u00ab\u00a0room\u00a0\u00bb ajoute de l\u2019ampleur \u00e0 la voix. Chaque canal dispose de r\u00e9glages pour les basses, les aigus et le volume. Un indicateur de niveau de batterie affiche l\u2019\u00e9tat de charge. Compacte et compl\u00e8te, cette table offre toutes les options n\u00e9cessaires.<\/p>\n<p><strong>Colonne<\/strong><br \/>\n\u2022 Puissance : 100 W RMS \u2013 200 W max<br \/>\n\u2022 R\u00e9ponse en fr\u00e9quence : 180 Hz -20 KHz<br \/>\n\u2022 SPL max. (@1 m) : 116 dB<br \/>\n\u2022 Imp\u00e9dance nominale : 4 ohms<br \/>\n\u2022 Haut-parleur : 6 x 2,75 pouces large bande<br \/>\n\u2022 Dispersion : 120\u00b0 x 20\u00b0 (HxV)<br \/>\n\u2022 Connecteur : int\u00e9gr\u00e9 dans la base<br \/>\n\u2022 Dimensions : (80 x 80 x 830 mm) x2<br \/>\n\u2022 Poids net : 2,45 kg + 1,20 kg = 3,65 kg<\/p>\n<p>&nbsp;<\/p>\n<p><strong>Caisson<\/strong><br \/>\n\u2022 Puissance : 150 W RMS \u2013 300 W max<br \/>\n\u2022 R\u00e9ponse en fr\u00e9quence : 50 \u2013 200 Hz<br \/>\n\u2022 SPL max. (@1m) : 116 dB<br \/>\n\u2022 Imp\u00e9dance nominale : 4 ohms<br \/>\n\u2022 Boomer : 8 pouces<br \/>\n\u2022 Dimensions : 340 x 430 x 400 mm<br \/>\n\u2022 Poids net : 12,6 kg<\/p>\n<p>&nbsp;<\/p>\n<p>&nbsp;<\/p>\n","protected":false},"excerpt":{"rendered":"<p>Enceinte MOJO500Liberty TWS sur batterie Syst\u00e8me actif \u2013 250 W RMS avec DSP, Bluetooth TWS et batterie lithium Table de mixage compl\u00e8te Cette table de mixage permet de connecter simultan\u00e9ment [&hellip;]<\/p>\n","protected":false},"featured_media":11041,"template":"","meta":[],"product_brand":[],"product_cat":[261,116],"product_tag":[],"class_list":{"0":"post-11040","1":"product","2":"type-product","3":"status-publish","4":"has-post-thumbnail","6":"product_cat-diffusion","7":"product_cat-sonorisation","10":"first","11":"instock","12":"taxable","13":"shipping-taxable","14":"product-type-simple"},"aioseo_notices":[],"_links":{"self":[{"href":"https:\/\/comlm.fr\/index.php\/wp-json\/wp\/v2\/product\/11040","targetHints":{"allow":["GET"]}}],"collection":[{"href":"https:\/\/comlm.fr\/index.php\/wp-json\/wp\/v2\/product"}],"about":[{"href":"https:\/\/comlm.fr\/index.php\/wp-json\/wp\/v2\/types\/product"}],"version-history":[{"count":1,"href":"https:\/\/comlm.fr\/index.php\/wp-json\/wp\/v2\/product\/11040\/revisions"}],"predecessor-version":[{"id":11043,"href":"https:\/\/comlm.fr\/index.php\/wp-json\/wp\/v2\/product\/11040\/revisions\/11043"}],"wp:featuredmedia":[{"embeddable":true,"href":"https:\/\/comlm.fr\/index.php\/wp-json\/wp\/v2\/media\/11041"}],"wp:attachment":[{"href":"https:\/\/comlm.fr\/index.php\/wp-json\/wp\/v2\/media?parent=11040"}],"wp:term":[{"taxonomy":"product_brand","embeddable":true,"href":"https:\/\/comlm.fr\/index.php\/wp-json\/wp\/v2\/product_brand?post=11040"},{"taxonomy":"product_cat","embeddable":true,"href":"https:\/\/comlm.fr\/index.php\/wp-json\/wp\/v2\/product_cat?post=11040"},{"taxonomy":"product_tag","embeddable":true,"href":"https:\/\/comlm.fr\/index.php\/wp-json\/wp\/v2\/product_tag?post=11040"}],"curies":[{"name":"wp","href":"https:\/\/api.w.org\/{rel}","templated":true}]}}