{"id":11030,"date":"2025-04-15T20:19:15","date_gmt":"2025-04-15T18:19:15","guid":{"rendered":"https:\/\/comlm.fr\/?post_type=product&#038;p=11030"},"modified":"2025-04-15T20:24:07","modified_gmt":"2025-04-15T18:24:07","slug":"camera-tourelle-panasonic-aw-he-130-copy-copy-copy-copy-copy-copy-copy-copy-copy-copy-copy-2-copy-copy-copy-copy-copy-copy-copy-copy","status":"publish","type":"product","link":"https:\/\/comlm.fr\/index.php\/produit\/camera-tourelle-panasonic-aw-he-130-copy-copy-copy-copy-copy-copy-copy-copy-copy-copy-copy-2-copy-copy-copy-copy-copy-copy-copy-copy\/","title":{"rendered":"Enceinte MAUI 5 \u2013 LD SYSTEMS"},"content":{"rendered":"<h4><strong>Enceinte <\/strong>MAUI &#8211; LD SYSTEMS<\/h4>\n<h3><strong>Syst\u00e8me sono colonne ultra portable avec mixeur int\u00e9gr\u00e9 et Bluetooth<\/strong><\/h3>\n<p>Syst\u00e8me de sonorisation complet<\/p>\n<p>Niveau de pression sonore maximal SPL (en continu)\u00a0: 114 dB<\/p>\n<p>Niveau SPL maxi (cr\u00eate)\u00a0: 120 dB<\/p>\n<p>R\u00e9ponse en fr\u00e9quence\u00a0: 50 \u2013 20000 Hz<\/p>\n<p>Angle de dispersion\u00a0: 120\u00b0 x 20\u00b0<\/p>\n<p>Hauteur totale\u00a0: 1985mm<\/p>\n<p>Autres propri\u00e9t\u00e9s\u00a0: Traitement du signal par DSP, Bluetooth, Mixeur 4 canaux<\/p>\n<p>Amplificateur\u00a0: Classe D<\/p>\n<p>Entr\u00e9es ligne\u00a0: 2 x st\u00e9r\u00e9o<\/p>\n<p>Connecteurs d\u2019ent\u00e9e ligne\u00a0: XLR, Jack 6.35 mm<\/p>\n<p>Entr\u00e9es micro\u00a0: 1, Jack 6.35mm, XLR<\/p>\n<p>Entr\u00e9e pour lecteur MP3<\/p>\n<p>Poids : 8.3 kg<\/p>\n<p>&nbsp;<\/p>\n<p>&nbsp;<\/p>\n","protected":false},"excerpt":{"rendered":"<p>Enceinte MAUI &#8211; LD SYSTEMS Syst\u00e8me sono colonne ultra portable avec mixeur int\u00e9gr\u00e9 et Bluetooth Syst\u00e8me de sonorisation complet Niveau de pression sonore maximal SPL (en continu)\u00a0: 114 dB Niveau [&hellip;]<\/p>\n","protected":false},"featured_media":11031,"template":"","meta":[],"product_brand":[],"product_cat":[261,116],"product_tag":[],"class_list":{"0":"post-11030","1":"product","2":"type-product","3":"status-publish","4":"has-post-thumbnail","6":"product_cat-diffusion","7":"product_cat-sonorisation","10":"first","11":"instock","12":"taxable","13":"shipping-taxable","14":"product-type-simple"},"aioseo_notices":[],"_links":{"self":[{"href":"https:\/\/comlm.fr\/index.php\/wp-json\/wp\/v2\/product\/11030","targetHints":{"allow":["GET"]}}],"collection":[{"href":"https:\/\/comlm.fr\/index.php\/wp-json\/wp\/v2\/product"}],"about":[{"href":"https:\/\/comlm.fr\/index.php\/wp-json\/wp\/v2\/types\/product"}],"version-history":[{"count":1,"href":"https:\/\/comlm.fr\/index.php\/wp-json\/wp\/v2\/product\/11030\/revisions"}],"predecessor-version":[{"id":11034,"href":"https:\/\/comlm.fr\/index.php\/wp-json\/wp\/v2\/product\/11030\/revisions\/11034"}],"wp:featuredmedia":[{"embeddable":true,"href":"https:\/\/comlm.fr\/index.php\/wp-json\/wp\/v2\/media\/11031"}],"wp:attachment":[{"href":"https:\/\/comlm.fr\/index.php\/wp-json\/wp\/v2\/media?parent=11030"}],"wp:term":[{"taxonomy":"product_brand","embeddable":true,"href":"https:\/\/comlm.fr\/index.php\/wp-json\/wp\/v2\/product_brand?post=11030"},{"taxonomy":"product_cat","embeddable":true,"href":"https:\/\/comlm.fr\/index.php\/wp-json\/wp\/v2\/product_cat?post=11030"},{"taxonomy":"product_tag","embeddable":true,"href":"https:\/\/comlm.fr\/index.php\/wp-json\/wp\/v2\/product_tag?post=11030"}],"curies":[{"name":"wp","href":"https:\/\/api.w.org\/{rel}","templated":true}]}}