{"id":11020,"date":"2025-04-15T20:02:04","date_gmt":"2025-04-15T18:02:04","guid":{"rendered":"https:\/\/comlm.fr\/?post_type=product&#038;p=11020"},"modified":"2025-04-15T20:07:25","modified_gmt":"2025-04-15T18:07:25","slug":"camera-tourelle-panasonic-aw-he-130-copy-copy-copy-copy-copy-copy-copy-copy-copy-copy-copy-2-copy-copy-copy-copy-copy","status":"publish","type":"product","link":"https:\/\/comlm.fr\/index.php\/produit\/camera-tourelle-panasonic-aw-he-130-copy-copy-copy-copy-copy-copy-copy-copy-copy-copy-copy-2-copy-copy-copy-copy-copy\/","title":{"rendered":"Enceinte L-ACOUSTICS X8"},"content":{"rendered":"<h4><strong>Enceinte <\/strong>L-ACOUSTICS\u00a0 X8<\/h4>\n<p><strong>Enceinte\u00a0coaxiale<br \/>\n<\/strong><\/p>\n<ul>\n<li>Transparence sonore, signature L-Acoustics<\/li>\n<li>Resources SPL et grave \u00e9l\u00e9v\u00e9es en facade\/r\u00e9gie<\/li>\n<li>R\u00e9ponse en fr\u00e9quence \u00e9tendue, format compact<\/li>\n<li>Directivit\u00e9 conique pour optimiser la spatialisation<\/li>\n<li>Pas de distance minimum d\u2019\u00e9coute<\/li>\n<li>Option : chaussette blanche en Lycra<\/li>\n<\/ul>\n<p>&nbsp;<\/p>\n<p><strong>La S\u00e9rie X comprend :<\/strong><\/p>\n<ul>\n<li>5XT Parfaite pour les compl\u00e9ments discrets et les solutions distribu\u00e9es<\/li>\n<li>X8 Optimis\u00e9e pour les compl\u00e9ments compacts \u00e0 fort niveau et les retours<\/li>\n<li>X12 La polyvalence pour diffusion de fa\u00e7ade, retours de sc\u00e8ne ou compl\u00e9ments<\/li>\n<\/ul>\n<p><strong> Description<\/strong><br \/>\nEnceinte coaxiale passive 2 voies, amplifi\u00e9e par LA4X \/ LA8<\/p>\n<p>SPL maximum1\u00a0 129 dB<\/p>\n<p>Directivit\u00e9 nominale Axisymm\u00e9trique 100\u00b0<\/p>\n<p>Imp\u00e9dance nominale 8 \u03a9<\/p>\n<p>Accrochage et manipulation\u00a0 \u00a01 \u00d7 poign\u00e9e<\/p>\n<p>Poids (net)\u00a0 \u00a0 \u00a0 \u00a0 12 kg \/ 26.5 lb<\/p>\n<p>&nbsp;<\/p>\n<p>&nbsp;<\/p>\n","protected":false},"excerpt":{"rendered":"<p>Enceinte L-ACOUSTICS\u00a0 X8 Enceinte\u00a0coaxiale Transparence sonore, signature L-Acoustics Resources SPL et grave \u00e9l\u00e9v\u00e9es en facade\/r\u00e9gie R\u00e9ponse en fr\u00e9quence \u00e9tendue, format compact Directivit\u00e9 conique pour optimiser la spatialisation Pas de distance [&hellip;]<\/p>\n","protected":false},"featured_media":11021,"template":"","meta":[],"product_brand":[],"product_cat":[261,116],"product_tag":[],"class_list":{"0":"post-11020","1":"product","2":"type-product","3":"status-publish","4":"has-post-thumbnail","6":"product_cat-diffusion","7":"product_cat-sonorisation","10":"first","11":"instock","12":"taxable","13":"shipping-taxable","14":"product-type-simple"},"aioseo_notices":[],"_links":{"self":[{"href":"https:\/\/comlm.fr\/index.php\/wp-json\/wp\/v2\/product\/11020","targetHints":{"allow":["GET"]}}],"collection":[{"href":"https:\/\/comlm.fr\/index.php\/wp-json\/wp\/v2\/product"}],"about":[{"href":"https:\/\/comlm.fr\/index.php\/wp-json\/wp\/v2\/types\/product"}],"version-history":[{"count":1,"href":"https:\/\/comlm.fr\/index.php\/wp-json\/wp\/v2\/product\/11020\/revisions"}],"predecessor-version":[{"id":11022,"href":"https:\/\/comlm.fr\/index.php\/wp-json\/wp\/v2\/product\/11020\/revisions\/11022"}],"wp:featuredmedia":[{"embeddable":true,"href":"https:\/\/comlm.fr\/index.php\/wp-json\/wp\/v2\/media\/11021"}],"wp:attachment":[{"href":"https:\/\/comlm.fr\/index.php\/wp-json\/wp\/v2\/media?parent=11020"}],"wp:term":[{"taxonomy":"product_brand","embeddable":true,"href":"https:\/\/comlm.fr\/index.php\/wp-json\/wp\/v2\/product_brand?post=11020"},{"taxonomy":"product_cat","embeddable":true,"href":"https:\/\/comlm.fr\/index.php\/wp-json\/wp\/v2\/product_cat?post=11020"},{"taxonomy":"product_tag","embeddable":true,"href":"https:\/\/comlm.fr\/index.php\/wp-json\/wp\/v2\/product_tag?post=11020"}],"curies":[{"name":"wp","href":"https:\/\/api.w.org\/{rel}","templated":true}]}}