{"id":10944,"date":"2025-04-15T17:26:06","date_gmt":"2025-04-15T15:26:06","guid":{"rendered":"https:\/\/comlm.fr\/?post_type=product&#038;p=10944"},"modified":"2025-04-15T17:30:03","modified_gmt":"2025-04-15T15:30:03","slug":"copy-3-copy-copy-copy-3-copy-copy","status":"publish","type":"product","link":"https:\/\/comlm.fr\/index.php\/produit\/copy-3-copy-copy-copy-3-copy-copy\/","title":{"rendered":"MultiDock 10G"},"content":{"rendered":"<h3>Blackmagic -MultiDock 10G<\/h3>\n<p>Station d\u2019accueil SSD USB\u2011C montable sur rack \u00e0 4 logements pour effectuer le montage directement depuis vos\u00a0disques\u00a0!<\/p>\n<p>Le Blackmagic MultiDock 10G est une station d\u2019accueil SSD capable d\u2019enregistrer sur 4 SSD diff\u00e9rents via une seule connexion USB\u2011C haut d\u00e9bit 10 Gb\/s. Contrairement aux \u00e9quipements grand public, le Blackmagic MultiDock 10G a \u00e9t\u00e9 sp\u00e9cifiquement con\u00e7u pour l\u2019industrie du film et de la t\u00e9l\u00e9vision. En effet, il est montable sur un rack et comprend une puce de commande SATA sur chaque disque, vous permettant de transf\u00e9rer les donn\u00e9es tr\u00e8s rapidement. C\u2019est la solution id\u00e9ale pour les monteurs, \u00e9talonneurs et pour la gestion des m\u00e9dias sur le plateau ! Il peut m\u00eame \u00eatre utilis\u00e9 pour la compatibilit\u00e9 des SSD avec l\u2019HyperDeck Extreme. Seul le Blackmagic MultiDock 10G vous offre la robustesse dont vous avez besoin pour vos projets professionnels.<\/p>\n<h3>Connexions<\/h3>\n<ul>\n<li>Interface pour les SSD: 4 x 2.5&#8243; SATA 3 6Gb\/s.<\/li>\n<li>Interface pour l&#8217;ordinateur: 2 x USB-C 3.1 Gen 2 (jusqu\u2019\u00e0 10Gb\/s)<\/li>\n<\/ul>\n","protected":false},"excerpt":{"rendered":"<p>Blackmagic -MultiDock 10G Station d\u2019accueil SSD USB\u2011C montable sur rack \u00e0 4 logements pour effectuer le montage directement depuis vos\u00a0disques\u00a0! Le Blackmagic MultiDock 10G est une station d\u2019accueil SSD capable [&hellip;]<\/p>\n","protected":false},"featured_media":10945,"template":"","meta":[],"product_brand":[],"product_cat":[117,273,229],"product_tag":[],"class_list":{"0":"post-10944","1":"product","2":"type-product","3":"status-publish","4":"has-post-thumbnail","6":"product_cat-captation","7":"product_cat-peripherique-videos","8":"product_cat-video","11":"first","12":"instock","13":"taxable","14":"shipping-taxable","15":"product-type-simple"},"aioseo_notices":[],"_links":{"self":[{"href":"https:\/\/comlm.fr\/index.php\/wp-json\/wp\/v2\/product\/10944","targetHints":{"allow":["GET"]}}],"collection":[{"href":"https:\/\/comlm.fr\/index.php\/wp-json\/wp\/v2\/product"}],"about":[{"href":"https:\/\/comlm.fr\/index.php\/wp-json\/wp\/v2\/types\/product"}],"version-history":[{"count":1,"href":"https:\/\/comlm.fr\/index.php\/wp-json\/wp\/v2\/product\/10944\/revisions"}],"predecessor-version":[{"id":10948,"href":"https:\/\/comlm.fr\/index.php\/wp-json\/wp\/v2\/product\/10944\/revisions\/10948"}],"wp:featuredmedia":[{"embeddable":true,"href":"https:\/\/comlm.fr\/index.php\/wp-json\/wp\/v2\/media\/10945"}],"wp:attachment":[{"href":"https:\/\/comlm.fr\/index.php\/wp-json\/wp\/v2\/media?parent=10944"}],"wp:term":[{"taxonomy":"product_brand","embeddable":true,"href":"https:\/\/comlm.fr\/index.php\/wp-json\/wp\/v2\/product_brand?post=10944"},{"taxonomy":"product_cat","embeddable":true,"href":"https:\/\/comlm.fr\/index.php\/wp-json\/wp\/v2\/product_cat?post=10944"},{"taxonomy":"product_tag","embeddable":true,"href":"https:\/\/comlm.fr\/index.php\/wp-json\/wp\/v2\/product_tag?post=10944"}],"curies":[{"name":"wp","href":"https:\/\/api.w.org\/{rel}","templated":true}]}}