{"id":10898,"date":"2025-04-15T16:15:41","date_gmt":"2025-04-15T14:15:41","guid":{"rendered":"https:\/\/comlm.fr\/?post_type=product&#038;p=10898"},"modified":"2025-04-15T16:20:18","modified_gmt":"2025-04-15T14:20:18","slug":"copy-3-copy-copy-copy-2-copy-copy","status":"publish","type":"product","link":"https:\/\/comlm.fr\/index.php\/produit\/copy-3-copy-copy-copy-2-copy-copy\/","title":{"rendered":"FiDO-TR-12G 1-Channel 12G-SDI\/LC Single-Mode LC Fiber Transceiver"},"content":{"rendered":"<h4 class=\"h1\">AJA &#8211; FiDO-TR-12G 1-Channel 12G-SDI\/LC Single-Mode LC Fiber Transceiver<\/h4>\n<p><b>G\u00e9n\u00e9ralit\u00e9s<\/b><br \/>\nLes Mini-Converters FIDO offrent une flexibilit\u00e9 in\u00e9gal\u00e9e \u00e0 des prix attractifs pour des conversions 12G-SDI, 6G-SDI, et 3G-SDI sur Fibre permettant de tr\u00e8s longues distances de c\u00e2blage allant jusqu&#8217;\u00e0 10km pour les FIDO en simple mode et en multimode jusqu&#8217;\u00e0 700 m\u00e8tres sur Fibre OM4 et 300 m sur Fibre OM3 en utilisant les mod\u00e8les dot\u00e9s de SFP Multi-Mode. FiDO-2T-X et FiDO-4T-X offrent des configurations compl\u00e9mentaires optionnelles avec les SFP CWDM. Les convertisseurs FiDO se pr\u00e9sentent sous la forme de petits boitiers compacts qui peuvent \u00eatre log\u00e9s dans les petits espaces, derri\u00e8re les racks, dans les cars r\u00e9gies et directement sur les cam\u00e9ras.<\/p>\n<p><b>Fonctionnalit\u00e9s<\/b><br \/>\n\u2022 Transports des signaux 12G\/6G-SDI et 3G\/HD\/SD-SDI via c\u00e2bles en fibre optique<br \/>\n\u2022 Auto-detection du format vid\u00e9o<br \/>\n\u2022 Les donn\u00e9es auxiliaires du SDI sont conserv\u00e9es incluant les audio embedded<br \/>\n\u2022 Diff\u00e9rents mod\u00e8les disponibles incluant les mod\u00e8les Simplex ou Duplex<br \/>\n\u2022 Toutes les entr\u00e9es SDI ou Fibre sont \u00e9qualis\u00e9es et re-clocked<br \/>\n\u2022 Compatibilit\u00e9 ASI<br \/>\n\u2022 \u00c9limination des probl\u00e8mes de masse<br \/>\n\u2022 Alimentation secteur incluse 5-20VDC<br \/>\n\u2022 5 ans de garantie<\/p>\n","protected":false},"excerpt":{"rendered":"<p>AJA &#8211; FiDO-TR-12G 1-Channel 12G-SDI\/LC Single-Mode LC Fiber Transceiver G\u00e9n\u00e9ralit\u00e9s Les Mini-Converters FIDO offrent une flexibilit\u00e9 in\u00e9gal\u00e9e \u00e0 des prix attractifs pour des conversions 12G-SDI, 6G-SDI, et 3G-SDI sur Fibre [&hellip;]<\/p>\n","protected":false},"featured_media":10899,"template":"","meta":[],"product_brand":[],"product_cat":[273,229],"product_tag":[],"class_list":{"0":"post-10898","1":"product","2":"type-product","3":"status-publish","4":"has-post-thumbnail","6":"product_cat-peripherique-videos","7":"product_cat-video","10":"first","11":"instock","12":"taxable","13":"shipping-taxable","14":"product-type-simple"},"aioseo_notices":[],"_links":{"self":[{"href":"https:\/\/comlm.fr\/index.php\/wp-json\/wp\/v2\/product\/10898","targetHints":{"allow":["GET"]}}],"collection":[{"href":"https:\/\/comlm.fr\/index.php\/wp-json\/wp\/v2\/product"}],"about":[{"href":"https:\/\/comlm.fr\/index.php\/wp-json\/wp\/v2\/types\/product"}],"version-history":[{"count":1,"href":"https:\/\/comlm.fr\/index.php\/wp-json\/wp\/v2\/product\/10898\/revisions"}],"predecessor-version":[{"id":10900,"href":"https:\/\/comlm.fr\/index.php\/wp-json\/wp\/v2\/product\/10898\/revisions\/10900"}],"wp:featuredmedia":[{"embeddable":true,"href":"https:\/\/comlm.fr\/index.php\/wp-json\/wp\/v2\/media\/10899"}],"wp:attachment":[{"href":"https:\/\/comlm.fr\/index.php\/wp-json\/wp\/v2\/media?parent=10898"}],"wp:term":[{"taxonomy":"product_brand","embeddable":true,"href":"https:\/\/comlm.fr\/index.php\/wp-json\/wp\/v2\/product_brand?post=10898"},{"taxonomy":"product_cat","embeddable":true,"href":"https:\/\/comlm.fr\/index.php\/wp-json\/wp\/v2\/product_cat?post=10898"},{"taxonomy":"product_tag","embeddable":true,"href":"https:\/\/comlm.fr\/index.php\/wp-json\/wp\/v2\/product_tag?post=10898"}],"curies":[{"name":"wp","href":"https:\/\/api.w.org\/{rel}","templated":true}]}}