{"id":10881,"date":"2025-04-15T15:50:02","date_gmt":"2025-04-15T13:50:02","guid":{"rendered":"https:\/\/comlm.fr\/?post_type=product&#038;p=10881"},"modified":"2025-04-15T15:55:18","modified_gmt":"2025-04-15T13:55:18","slug":"copy-3-copy-copy-copy","status":"publish","type":"product","link":"https:\/\/comlm.fr\/index.php\/produit\/copy-3-copy-copy-copy\/","title":{"rendered":"M\u00e9langeur ATEM Television Studio hd8"},"content":{"rendered":"<h4 class=\"h1\">ATEM Television hd8<\/h4>\n<h4><strong>Le studio t\u00e9l\u00e9 tout-en-un le plus portable au monde !<\/strong><\/h4>\n<p>Le nouvel ATEM Television Studio HD est un m\u00e9langeur de production en direct professionnel int\u00e9gr\u00e9 \u00e0 un panneau de contr\u00f4le mat\u00e9riel. Ainsi, bien que tr\u00e8s portable, il peut \u00eatre utilis\u00e9 pour des projets haut de gamme. Vous pouvez l&#8217;utiliser dans de petites structures qui n&#8217;ont ni racks d&#8217;\u00e9quipement ni camions r\u00e9gie. Il offre 8 entr\u00e9es SDI avec conversion de normes, 2 sorties aux., 4 incrustateurs chroma, 2 incrustateurs en aval, la fonction SuperSource, 2 lecteurs multim\u00e9dia et de nombreuses transitions ! Il comprend aussi des fonctions dignes d\u2019un studio t\u00e9l\u00e9 : un moteur de streaming, l&#8217;enregistrement, un mixeur audio, un r\u00e9seau d\u2019ordres, un multi view et un stockage interne dans le cloud en option. Le mod\u00e8le ISO enregistre m\u00eame les 8 entr\u00e9es pour le montage !<\/p>\n<h3>Fonctionnalit\u00e9s de l&#8217;Atem mini pro<\/h3>\n<ul>\n<li><strong>16 sources sur un seul moniteur avec le multi view int\u00e9gr\u00e9<\/strong><br \/>\nPour les productions d\u2019envergure, il est vital de pouvoir visionner toutes ses sources vid\u00e9o en m\u00eame temps sur un seul moniteur. L\u2019ATEM Television Studio HD int\u00e8gre un multi view professionnel qui permet d\u2019afficher toutes les entr\u00e9es vid\u00e9o, ainsi que la pr\u00e9visualisation et le programme sur un seul moniteur SDI ou HDMI. Le multi view peut m\u00eame \u00eatre envoy\u00e9 vers les sorties aux. Chaque vue cam\u00e9ra comprend des voyants tally pour savoir quelle source est \u00e0 l\u2019antenne, des libell\u00e9s personnalis\u00e9s et des indicateurs audio. Avec la personnalisation du multi view, vous pouvez avoir jusqu&#8217;\u00e0 16 fen\u00eatres simultan\u00e9es. Vous pouvez aussi s\u00e9lectionner l&#8217;une des fen\u00eatres suppl\u00e9mentaires pour suivre l\u2019\u00e9tat de l&#8217;enregistrement, du streaming et du mixeur audio depuis le multi view.<\/li>\n<li><strong>Jusqu\u2019\u00e0 8 entr\u00e9es 3G\u2011SDI avec conversion de normes !<\/strong><br \/>\nL\u2019ATEM Television Studio HD comprend 8 entr\u00e9es 3G-SDI ind\u00e9pendantes, chacune disposant de son propre convertisseur de normes. Il est donc possible de convertir toute source 1080HD ou 720HD vers la norme vid\u00e9o du m\u00e9langeur. Ainsi, chaque entr\u00e9e SDI du m\u00e9langeur peut utiliser une norme de t\u00e9l\u00e9vision diff\u00e9rente sans accroc ! Les canaux audio d&#8217;entr\u00e9e SDI 1, 2, 3 et 4 peuvent \u00e9galement \u00eatre achemin\u00e9s manuellement vers divers canaux audio int\u00e9gr\u00e9s aux sorties programme et auxiliaires. Vous pouvez m\u00eame acheminer les canaux audio 1 et 2 depuis les entr\u00e9es SDI vers les sorties audio num\u00e9rique MADI, afin de transf\u00e9rer l\u2019audio des sources du m\u00e9langeur \u00e0 un ing\u00e9nieur du son en externe pour le mixage.<\/li>\n<\/ul>\n","protected":false},"excerpt":{"rendered":"<p>ATEM Television hd8 Le studio t\u00e9l\u00e9 tout-en-un le plus portable au monde ! Le nouvel ATEM Television Studio HD est un m\u00e9langeur de production en direct professionnel int\u00e9gr\u00e9 \u00e0 un [&hellip;]<\/p>\n","protected":false},"featured_media":10882,"template":"","meta":[],"product_brand":[],"product_cat":[117,274,229],"product_tag":[],"class_list":{"0":"post-10881","1":"product","2":"type-product","3":"status-publish","4":"has-post-thumbnail","6":"product_cat-captation","7":"product_cat-melangeurs","8":"product_cat-video","11":"first","12":"instock","13":"taxable","14":"shipping-taxable","15":"product-type-simple"},"aioseo_notices":[],"_links":{"self":[{"href":"https:\/\/comlm.fr\/index.php\/wp-json\/wp\/v2\/product\/10881","targetHints":{"allow":["GET"]}}],"collection":[{"href":"https:\/\/comlm.fr\/index.php\/wp-json\/wp\/v2\/product"}],"about":[{"href":"https:\/\/comlm.fr\/index.php\/wp-json\/wp\/v2\/types\/product"}],"version-history":[{"count":1,"href":"https:\/\/comlm.fr\/index.php\/wp-json\/wp\/v2\/product\/10881\/revisions"}],"predecessor-version":[{"id":10885,"href":"https:\/\/comlm.fr\/index.php\/wp-json\/wp\/v2\/product\/10881\/revisions\/10885"}],"wp:featuredmedia":[{"embeddable":true,"href":"https:\/\/comlm.fr\/index.php\/wp-json\/wp\/v2\/media\/10882"}],"wp:attachment":[{"href":"https:\/\/comlm.fr\/index.php\/wp-json\/wp\/v2\/media?parent=10881"}],"wp:term":[{"taxonomy":"product_brand","embeddable":true,"href":"https:\/\/comlm.fr\/index.php\/wp-json\/wp\/v2\/product_brand?post=10881"},{"taxonomy":"product_cat","embeddable":true,"href":"https:\/\/comlm.fr\/index.php\/wp-json\/wp\/v2\/product_cat?post=10881"},{"taxonomy":"product_tag","embeddable":true,"href":"https:\/\/comlm.fr\/index.php\/wp-json\/wp\/v2\/product_tag?post=10881"}],"curies":[{"name":"wp","href":"https:\/\/api.w.org\/{rel}","templated":true}]}}