{"id":10877,"date":"2025-04-15T15:34:22","date_gmt":"2025-04-15T13:34:22","guid":{"rendered":"https:\/\/comlm.fr\/?post_type=product&#038;p=10877"},"modified":"2025-04-15T15:45:44","modified_gmt":"2025-04-15T13:45:44","slug":"copy-3-copy-copy","status":"publish","type":"product","link":"https:\/\/comlm.fr\/index.php\/produit\/copy-3-copy-copy\/","title":{"rendered":"M\u00e9langeur Blackmagic Atem mini pro ISO"},"content":{"rendered":"<h3>Blackmagic Atem mini pro ISO<\/h3>\n<h4>La production live nouvelle g\u00e9n\u00e9ration !<\/h4>\n<p>Ce mod\u00e8le permet d\u2019enregistrer jusqu&#8217;\u00e0 5 streams vid\u00e9o H.264 ind\u00e9pendants en temps r\u00e9el ! Cela repr\u00e9sente un clean feed de toutes les entr\u00e9es en plus du programme en direct. Un fichier projet DaVinci Resolve est \u00e9galement enregistr\u00e9 pour vous permettre d\u2019ajuster les montages, de modifier les plans, de remixer l\u2019audio et d\u2019effectuer la correction colorim\u00e9trique.<\/p>\n<h3>Fonctionnalit\u00e9s de l&#8217;Atem mini pro<\/h3>\n<ul>\n<li>Comprend un panneau de contr\u00f4le miniaturis\u00e9<\/li>\n<li>Prise en charge de l\u2019enregistrement de chaque entr\u00e9e en tant que fichier ISO ind\u00e9pendant.<\/li>\n<li>Sauvegarde d\u2019un fichier projet DaVinci Resolve pour acc\u00e9der \u00e0 un montage en un clic de la production en direct.<\/li>\n<li>Connexion possible de 4 cam\u00e9ras ou ordinateurs.<\/li>\n<li>L\u2019ATEM Mini Pro prend en charge le streaming en direct via Ethernet.<\/li>\n<li>Comprend une sortie USB qui op\u00e8re comme une webcam et prend en charge tous les logiciels vid\u00e9o.<\/li>\n<li>Convertit les normes et synchronise toutes les entr\u00e9es HDMI automatiquement.<\/li>\n<li>Inclut gratuitement le logiciel ATEM Software Control pour Mac et Windows.<\/li>\n<li>Biblioth\u00e8que int\u00e9gr\u00e9e pour charger jusqu&#8217;\u00e0 20 graphiques RVBA pour les titres et les logos.<\/li>\n<li>Inclut l\u2019incrustateur chroma avanc\u00e9 ATEM pour les projets sur fond vert ou bleu.<\/li>\n<li>L\u2019ATEM Mini Pro est dot\u00e9 du multiview pour le monitoring.<\/li>\n<li>Mixeur audio dot\u00e9 d\u2019un limiteur, d\u2019un compresseur, d\u2019un \u00e9galiseur param\u00e9trique \u00e0 6 bandes et plus.<\/li>\n<\/ul>\n","protected":false},"excerpt":{"rendered":"<p>Blackmagic Atem mini pro ISO La production live nouvelle g\u00e9n\u00e9ration ! Ce mod\u00e8le permet d\u2019enregistrer jusqu&#8217;\u00e0 5 streams vid\u00e9o H.264 ind\u00e9pendants en temps r\u00e9el ! Cela repr\u00e9sente un clean feed [&hellip;]<\/p>\n","protected":false},"featured_media":10878,"template":"","meta":[],"product_brand":[],"product_cat":[117,274,229],"product_tag":[],"class_list":{"0":"post-10877","1":"product","2":"type-product","3":"status-publish","4":"has-post-thumbnail","6":"product_cat-captation","7":"product_cat-melangeurs","8":"product_cat-video","11":"first","12":"instock","13":"taxable","14":"shipping-taxable","15":"product-type-simple"},"aioseo_notices":[],"_links":{"self":[{"href":"https:\/\/comlm.fr\/index.php\/wp-json\/wp\/v2\/product\/10877","targetHints":{"allow":["GET"]}}],"collection":[{"href":"https:\/\/comlm.fr\/index.php\/wp-json\/wp\/v2\/product"}],"about":[{"href":"https:\/\/comlm.fr\/index.php\/wp-json\/wp\/v2\/types\/product"}],"version-history":[{"count":1,"href":"https:\/\/comlm.fr\/index.php\/wp-json\/wp\/v2\/product\/10877\/revisions"}],"predecessor-version":[{"id":10880,"href":"https:\/\/comlm.fr\/index.php\/wp-json\/wp\/v2\/product\/10877\/revisions\/10880"}],"wp:featuredmedia":[{"embeddable":true,"href":"https:\/\/comlm.fr\/index.php\/wp-json\/wp\/v2\/media\/10878"}],"wp:attachment":[{"href":"https:\/\/comlm.fr\/index.php\/wp-json\/wp\/v2\/media?parent=10877"}],"wp:term":[{"taxonomy":"product_brand","embeddable":true,"href":"https:\/\/comlm.fr\/index.php\/wp-json\/wp\/v2\/product_brand?post=10877"},{"taxonomy":"product_cat","embeddable":true,"href":"https:\/\/comlm.fr\/index.php\/wp-json\/wp\/v2\/product_cat?post=10877"},{"taxonomy":"product_tag","embeddable":true,"href":"https:\/\/comlm.fr\/index.php\/wp-json\/wp\/v2\/product_tag?post=10877"}],"curies":[{"name":"wp","href":"https:\/\/api.w.org\/{rel}","templated":true}]}}