{"id":10853,"date":"2025-04-15T12:23:40","date_gmt":"2025-04-15T10:23:40","guid":{"rendered":"https:\/\/comlm.fr\/?post_type=product&#038;p=10853"},"modified":"2025-04-15T14:34:19","modified_gmt":"2025-04-15T12:34:19","slug":"copy-copy-2","status":"publish","type":"product","link":"https:\/\/comlm.fr\/index.php\/produit\/copy-copy-2\/","title":{"rendered":"ASTERA AX9 PAR LED"},"content":{"rendered":"<p>ASTERA<\/p>\n<p>L\u2019AX9 reprend le concept 3-en1 de l\u2019AX5, en deux fois plus puissant : il remplace vos PAR LED sans-fil et fixe, ainsi que les \u00e9clairages de d\u00e9coration sur batterie. Avec son rapport qualit\u00e9\/prix, c\u2019est l\u2019investissement id\u00e9al pour tous les professionnels du spectacle. L\u2019AX9 offre une luminosit\u00e9 extr\u00eame dans un format compact et l\u00e9ger, tout en gardant la pr\u00e9cision des couleurs et l\u2019\u00e9quilibre des blancs gr\u00e2ce \u00e0 sa source LED Titan.<\/p>\n<p style=\"text-align: left; color: #333333; text-transform: none; text-indent: 0px; letter-spacing: normal; font-family: 'Open Sans', Helvetica, Arial, sans-serif; font-size: 16px; font-style: normal; font-weight: 400; margin-top: 0px; margin-bottom: 1rem; background-color: #ffffff;\">Caract\u00e9ristiques :<\/p>\n<ul>\n<li style=\"text-align: left; color: #333333; text-transform: none; text-indent: 0px; letter-spacing: normal; font-family: 'Open Sans', Helvetica, Arial, sans-serif; font-size: 16px; font-style: normal; font-weight: 400; background-color: #ffffff;\">Dimensions AF80 : 175 mm x 222 mm x 256 mm (5,4 Kg)<\/li>\n<li>Temp\u00e9rature de fonctionnement : 0 \u2013 40 \u00b0C<\/li>\n<li>Puissance total des LED 105 W<\/li>\n<li>Consommation \u00e9lectrique des LED : 70 W<\/li>\n<\/ul>\n","protected":false},"excerpt":{"rendered":"<p>ASTERA L\u2019AX9 reprend le concept 3-en1 de l\u2019AX5, en deux fois plus puissant : il remplace vos PAR LED sans-fil et fixe, ainsi que les \u00e9clairages de d\u00e9coration sur batterie. [&hellip;]<\/p>\n","protected":false},"featured_media":10854,"template":"","meta":[],"product_brand":[],"product_cat":[249,232],"product_tag":[],"class_list":{"0":"post-10853","1":"product","2":"type-product","3":"status-publish","4":"has-post-thumbnail","6":"product_cat-decorations","7":"product_cat-eclairage","10":"first","11":"instock","12":"taxable","13":"shipping-taxable","14":"product-type-simple"},"aioseo_notices":[],"_links":{"self":[{"href":"https:\/\/comlm.fr\/index.php\/wp-json\/wp\/v2\/product\/10853","targetHints":{"allow":["GET"]}}],"collection":[{"href":"https:\/\/comlm.fr\/index.php\/wp-json\/wp\/v2\/product"}],"about":[{"href":"https:\/\/comlm.fr\/index.php\/wp-json\/wp\/v2\/types\/product"}],"version-history":[{"count":1,"href":"https:\/\/comlm.fr\/index.php\/wp-json\/wp\/v2\/product\/10853\/revisions"}],"predecessor-version":[{"id":10855,"href":"https:\/\/comlm.fr\/index.php\/wp-json\/wp\/v2\/product\/10853\/revisions\/10855"}],"wp:featuredmedia":[{"embeddable":true,"href":"https:\/\/comlm.fr\/index.php\/wp-json\/wp\/v2\/media\/10854"}],"wp:attachment":[{"href":"https:\/\/comlm.fr\/index.php\/wp-json\/wp\/v2\/media?parent=10853"}],"wp:term":[{"taxonomy":"product_brand","embeddable":true,"href":"https:\/\/comlm.fr\/index.php\/wp-json\/wp\/v2\/product_brand?post=10853"},{"taxonomy":"product_cat","embeddable":true,"href":"https:\/\/comlm.fr\/index.php\/wp-json\/wp\/v2\/product_cat?post=10853"},{"taxonomy":"product_tag","embeddable":true,"href":"https:\/\/comlm.fr\/index.php\/wp-json\/wp\/v2\/product_tag?post=10853"}],"curies":[{"name":"wp","href":"https:\/\/api.w.org\/{rel}","templated":true}]}}