{"id":10503,"date":"2022-08-02T13:59:30","date_gmt":"2022-08-02T11:59:30","guid":{"rendered":"http:\/\/comlm.fr\/?post_type=product&#038;p=10503"},"modified":"2022-08-02T14:02:31","modified_gmt":"2022-08-02T12:02:31","slug":"imac-27","status":"publish","type":"product","link":"https:\/\/comlm.fr\/index.php\/produit\/imac-27\/","title":{"rendered":"iMAC 27&#8243;"},"content":{"rendered":"<p>Pour composer un mur d\u2019images, il suffit simplement d\u2019assembler plusieurs \u00e9crans d\u2019affichage dynamique les uns \u00e0 c\u00f4t\u00e9 des autres. Ces \u00e9crans se coordonnent pour former un seul \u00e9cran g\u00e9ant diffusant une m\u00eame image ou vid\u00e9o. Vous obtiendrez ainsi un mur d\u2019\u00e9crans impressionnant et visible de loin.<\/p>\n","protected":false},"excerpt":{"rendered":"<p>i7 3.4ghz 8go ram 525go<\/p>\n","protected":false},"featured_media":10504,"template":"","meta":[],"product_brand":[205],"product_cat":[113,207],"product_tag":[172],"class_list":{"0":"post-10503","1":"product","2":"type-product","3":"status-publish","4":"has-post-thumbnail","6":"product_brand-apple","7":"product_cat-apple","8":"product_cat-informatique-apple","9":"product_tag-172","12":"first","13":"instock","14":"featured","15":"taxable","16":"shipping-taxable","17":"purchasable","18":"product-type-simple"},"aioseo_notices":[],"_links":{"self":[{"href":"https:\/\/comlm.fr\/index.php\/wp-json\/wp\/v2\/product\/10503","targetHints":{"allow":["GET"]}}],"collection":[{"href":"https:\/\/comlm.fr\/index.php\/wp-json\/wp\/v2\/product"}],"about":[{"href":"https:\/\/comlm.fr\/index.php\/wp-json\/wp\/v2\/types\/product"}],"version-history":[{"count":1,"href":"https:\/\/comlm.fr\/index.php\/wp-json\/wp\/v2\/product\/10503\/revisions"}],"predecessor-version":[{"id":10505,"href":"https:\/\/comlm.fr\/index.php\/wp-json\/wp\/v2\/product\/10503\/revisions\/10505"}],"wp:featuredmedia":[{"embeddable":true,"href":"https:\/\/comlm.fr\/index.php\/wp-json\/wp\/v2\/media\/10504"}],"wp:attachment":[{"href":"https:\/\/comlm.fr\/index.php\/wp-json\/wp\/v2\/media?parent=10503"}],"wp:term":[{"taxonomy":"product_brand","embeddable":true,"href":"https:\/\/comlm.fr\/index.php\/wp-json\/wp\/v2\/product_brand?post=10503"},{"taxonomy":"product_cat","embeddable":true,"href":"https:\/\/comlm.fr\/index.php\/wp-json\/wp\/v2\/product_cat?post=10503"},{"taxonomy":"product_tag","embeddable":true,"href":"https:\/\/comlm.fr\/index.php\/wp-json\/wp\/v2\/product_tag?post=10503"}],"curies":[{"name":"wp","href":"https:\/\/api.w.org\/{rel}","templated":true}]}}