{"id":10089,"date":"2022-07-01T15:45:40","date_gmt":"2022-07-01T13:45:40","guid":{"rendered":"http:\/\/comlm.fr\/?post_type=product&#038;p=10089"},"modified":"2022-07-08T14:32:20","modified_gmt":"2022-07-08T12:32:20","slug":"7-samsung-sh37f-94cm-32-9-hd","status":"publish","type":"product","link":"https:\/\/comlm.fr\/index.php\/produit\/7-samsung-sh37f-94cm-32-9-hd\/","title":{"rendered":"7&#8243; SAMSUNG SH37F 94CM 32\/9  HD"},"content":{"rendered":"<p>Utilisez au maximum l&#8217;espace disponible et optimisez votre contenu avec les solutions de signal\u00e9tique SMART de Samsung<\/p>\n<p>La signal\u00e9tique num\u00e9rique d&#8217;aujourd&#8217;hui doit \u00eatre \u00e9conomique, polyvalente et capable de g\u00e9rer le plus efficacement possible le pr\u00e9cieux espace disponible. Il existe un besoin croissant de solutions de signal\u00e9tique efficaces pour des emplacements exigus. Les moniteurs de la gamme SHF de Samsung, dot\u00e9s d&#8217;un \u00e9cran 16:4,5 ultra large, communiquent efficacement m\u00eame lorsqu&#8217;ils sont install\u00e9s dans des endroits exigus, \u00e9troits et peu profonds, comme les pr\u00e9sentoirs, plafonds ou corridors. Les moniteurs de signal\u00e9tique Samsung SMART de la gamme SHF sont d&#8217;une valeur inestimable pour les applications 24\/7, notamment dans les transports publics. Ils informent les voyageurs en continu des horaires, des changements et des notifications sous une forme attrayante et hautement lisible pour que l&#8217;information soit imm\u00e9diatement intelligible. Dans l&#8217;environnement du commerce de d\u00e9tail, les moniteurs de la gamme SHF offrent des possibilit\u00e9s uniques pour promouvoir les produits et attirer de nouveaux clients avec un encombrement minime. La possibilit\u00e9 de les utiliser sans interruption 24\/7 accro\u00eet \u00e9norm\u00e9ment l&#8217;impact sur la client\u00e8le.<\/p>\n<p> Une image nette et lumineuse dans toutes les conditions d&#8217;\u00e9clairage<\/p>\n<p>La gamme SHF de signal\u00e9tique Samsung SMART offre des images r\u00e9alistes et vivantes pour une exp\u00e9rience visuelle hors du commun. La luminosit\u00e9 maximale de 700 nits permet d&#8217;obtenir des images ultra riches et lumineuses dans toutes les conditions d&#8217;\u00e9clairage. Les moniteurs de la gamme SHF excellent dans les endroits fortement illumin\u00e9s o\u00f9 les reflets et \u00e9blouissements peuvent g\u00eaner la lecture. La technologie anti-\u00e9blouissement (niveau d&#8217;opacit\u00e9 44%) vous garantit que votre contenu ne sera pas affect\u00e9 par les conditions d&#8217;\u00e9clairage que vous ne pouvez ma\u00eetriser et que toutes vos informations seront toujours et partout parfaitement lisibles.<\/p>\n","protected":false},"excerpt":{"rendered":"<p>Lecteur USB<br \/>\nM\u00e9moire interne<br \/>\nDim. L H P en cm : 91.5 x 28.1 x 4<\/p>\n","protected":false},"featured_media":10238,"template":"","meta":[],"product_brand":[121],"product_cat":[186,67],"product_tag":[188,187],"class_list":{"0":"post-10089","1":"product","2":"type-product","3":"status-publish","4":"has-post-thumbnail","6":"product_brand-samsung","7":"product_cat-186","8":"product_cat-ecrans_stretch","9":"product_tag-32-9","10":"product_tag-187","13":"first","14":"instock","15":"featured","16":"taxable","17":"shipping-taxable","18":"purchasable","19":"product-type-simple"},"aioseo_notices":[],"_links":{"self":[{"href":"https:\/\/comlm.fr\/index.php\/wp-json\/wp\/v2\/product\/10089","targetHints":{"allow":["GET"]}}],"collection":[{"href":"https:\/\/comlm.fr\/index.php\/wp-json\/wp\/v2\/product"}],"about":[{"href":"https:\/\/comlm.fr\/index.php\/wp-json\/wp\/v2\/types\/product"}],"version-history":[{"count":2,"href":"https:\/\/comlm.fr\/index.php\/wp-json\/wp\/v2\/product\/10089\/revisions"}],"predecessor-version":[{"id":10245,"href":"https:\/\/comlm.fr\/index.php\/wp-json\/wp\/v2\/product\/10089\/revisions\/10245"}],"wp:featuredmedia":[{"embeddable":true,"href":"https:\/\/comlm.fr\/index.php\/wp-json\/wp\/v2\/media\/10238"}],"wp:attachment":[{"href":"https:\/\/comlm.fr\/index.php\/wp-json\/wp\/v2\/media?parent=10089"}],"wp:term":[{"taxonomy":"product_brand","embeddable":true,"href":"https:\/\/comlm.fr\/index.php\/wp-json\/wp\/v2\/product_brand?post=10089"},{"taxonomy":"product_cat","embeddable":true,"href":"https:\/\/comlm.fr\/index.php\/wp-json\/wp\/v2\/product_cat?post=10089"},{"taxonomy":"product_tag","embeddable":true,"href":"https:\/\/comlm.fr\/index.php\/wp-json\/wp\/v2\/product_tag?post=10089"}],"curies":[{"name":"wp","href":"https:\/\/api.w.org\/{rel}","templated":true}]}}